{"id":1293,"date":"2020-09-30T14:53:06","date_gmt":"2020-09-30T12:53:06","guid":{"rendered":"https:\/\/ehin.no\/2020\/?post_type=speaker&#038;p=1293"},"modified":"2020-09-30T14:53:06","modified_gmt":"2020-09-30T12:53:06","slug":"thomas-bjella","status":"publish","type":"speaker","link":"https:\/\/ehin.no\/2020\/en\/speakers\/thomas-bjella\/","title":{"rendered":"Thomas Bjella"},"content":{"rendered":"<p><span style=\"font-weight: 400\">Thomas Bjella har i flere \u00e5r jobbet med digitalisering i forskning ved NORMENT, Senter for forskning p\u00e5 mentale lidelser. I satsingen eNORMENT har han ledet prosjekter innen app-utvikling, passiv monitorering og nettl\u00f8sninger for samtykke og sp\u00f8rreskjema, med m\u00e5l om mer effektiv og umiddelbar datainnsamlingsprosess. Han leder senterets gruppe for Database and Biostatistikk, med ansvar for datasikkerhet og kobling mot samarbeidende prosjekter nasjonalt og internasjonalt, samt helseregistre.<\/span><\/p>\n<p><span style=\"font-weight: 400\">Thomas er utdannet Cand.Polit. Psykologi fra NTNU, med utvidet kompetanse som forskningsingeni\u00f8r.<\/span><\/p>\n","protected":false},"excerpt":{"rendered":"<p>Thomas Bjella har i flere \u00e5r jobbet med digitalisering i forskning ved NORMENT, Senter for forskning p\u00e5 mentale lidelser. I satsingen eNORMENT har han ledet prosjekter innen app-utvikling, passiv monitorering og nettl\u00f8sninger for samtykke og sp\u00f8rreskjema, med m\u00e5l om mer effektiv og umiddelbar datainnsamlingsprosess. Han leder senterets gruppe for Database and Biostatistikk, med ansvar for [&hellip;]<\/p>\n","protected":false},"featured_media":1294,"template":"","speakertype":[26],"class_list":["post-1293","speaker","type-speaker","status-publish","has-post-thumbnail","hentry","speakertype-moderator"],"acf":[],"yoast_head":"<!-- This site is optimized with the Yoast SEO plugin v28.3 - https:\/\/yoast.com\/product\/yoast-seo-wordpress\/ -->\n<title>Thomas Bjella - EHiN 2020<\/title>\n<meta name=\"robots\" content=\"noindex, follow, max-snippet:-1, max-image-preview:large, max-video-preview:-1\" \/>\n<meta property=\"og:locale\" content=\"en_US\" \/>\n<meta property=\"og:type\" content=\"article\" \/>\n<meta property=\"og:title\" content=\"Thomas Bjella - EHiN 2020\" \/>\n<meta property=\"og:description\" content=\"Thomas Bjella har i flere \u00e5r jobbet med digitalisering i forskning ved NORMENT, Senter for forskning p\u00e5 mentale lidelser. I satsingen eNORMENT har han ledet prosjekter innen app-utvikling, passiv monitorering og nettl\u00f8sninger for samtykke og sp\u00f8rreskjema, med m\u00e5l om mer effektiv og umiddelbar datainnsamlingsprosess. Han leder senterets gruppe for Database and Biostatistikk, med ansvar for [&hellip;]\" \/>\n<meta property=\"og:url\" content=\"https:\/\/ehin.no\/2020\/speakers\/thomas-bjella\/\" \/>\n<meta property=\"og:site_name\" content=\"EHiN 2020\" \/>\n<meta property=\"og:image\" content=\"https:\/\/ehin.no\/2020\/wp-content\/uploads\/sites\/2\/2020\/09\/thomas-bjella_kvadrat_lite.jpg\" \/>\n\t<meta property=\"og:image:width\" content=\"150\" \/>\n\t<meta property=\"og:image:height\" content=\"150\" \/>\n\t<meta property=\"og:image:type\" content=\"image\/jpeg\" \/>\n<meta name=\"twitter:card\" content=\"summary_large_image\" \/>\n<script type=\"application\/ld+json\" class=\"yoast-schema-graph\">{\"@context\":\"https:\\\/\\\/schema.org\",\"@graph\":[{\"@type\":\"WebPage\",\"@id\":\"https:\\\/\\\/ehin.no\\\/2020\\\/speakers\\\/thomas-bjella\\\/\",\"url\":\"https:\\\/\\\/ehin.no\\\/2020\\\/speakers\\\/thomas-bjella\\\/\",\"name\":\"Thomas Bjella - EHiN 2020\",\"isPartOf\":{\"@id\":\"https:\\\/\\\/ehin.no\\\/2020\\\/#website\"},\"primaryImageOfPage\":{\"@id\":\"https:\\\/\\\/ehin.no\\\/2020\\\/speakers\\\/thomas-bjella\\\/#primaryimage\"},\"image\":{\"@id\":\"https:\\\/\\\/ehin.no\\\/2020\\\/speakers\\\/thomas-bjella\\\/#primaryimage\"},\"thumbnailUrl\":\"https:\\\/\\\/ehin.no\\\/2020\\\/wp-content\\\/uploads\\\/sites\\\/2\\\/2020\\\/09\\\/thomas-bjella_kvadrat_lite.jpg\",\"datePublished\":\"2020-09-30T12:53:06+00:00\",\"breadcrumb\":{\"@id\":\"https:\\\/\\\/ehin.no\\\/2020\\\/speakers\\\/thomas-bjella\\\/#breadcrumb\"},\"inLanguage\":\"en-US\",\"potentialAction\":[{\"@type\":\"ReadAction\",\"target\":[\"https:\\\/\\\/ehin.no\\\/2020\\\/speakers\\\/thomas-bjella\\\/\"]}]},{\"@type\":\"ImageObject\",\"inLanguage\":\"en-US\",\"@id\":\"https:\\\/\\\/ehin.no\\\/2020\\\/speakers\\\/thomas-bjella\\\/#primaryimage\",\"url\":\"https:\\\/\\\/ehin.no\\\/2020\\\/wp-content\\\/uploads\\\/sites\\\/2\\\/2020\\\/09\\\/thomas-bjella_kvadrat_lite.jpg\",\"contentUrl\":\"https:\\\/\\\/ehin.no\\\/2020\\\/wp-content\\\/uploads\\\/sites\\\/2\\\/2020\\\/09\\\/thomas-bjella_kvadrat_lite.jpg\",\"width\":150,\"height\":150},{\"@type\":\"BreadcrumbList\",\"@id\":\"https:\\\/\\\/ehin.no\\\/2020\\\/speakers\\\/thomas-bjella\\\/#breadcrumb\",\"itemListElement\":[{\"@type\":\"ListItem\",\"position\":1,\"name\":\"Hjem\",\"item\":\"https:\\\/\\\/ehin.no\\\/2020\\\/\"},{\"@type\":\"ListItem\",\"position\":2,\"name\":\"Thomas Bjella\"}]},{\"@type\":\"WebSite\",\"@id\":\"https:\\\/\\\/ehin.no\\\/2020\\\/#website\",\"url\":\"https:\\\/\\\/ehin.no\\\/2020\\\/\",\"name\":\"EHiN 2020\",\"description\":\"10. og 11. november 2020\",\"potentialAction\":[{\"@type\":\"SearchAction\",\"target\":{\"@type\":\"EntryPoint\",\"urlTemplate\":\"https:\\\/\\\/ehin.no\\\/2020\\\/?s={search_term_string}\"},\"query-input\":{\"@type\":\"PropertyValueSpecification\",\"valueRequired\":true,\"valueName\":\"search_term_string\"}}],\"inLanguage\":\"en-US\"}]}<\/script>\n<!-- \/ Yoast SEO plugin. -->","yoast_head_json":{"title":"Thomas Bjella - EHiN 2020","robots":{"index":"noindex","follow":"follow","max-snippet":"max-snippet:-1","max-image-preview":"max-image-preview:large","max-video-preview":"max-video-preview:-1"},"og_locale":"en_US","og_type":"article","og_title":"Thomas Bjella - EHiN 2020","og_description":"Thomas Bjella har i flere \u00e5r jobbet med digitalisering i forskning ved NORMENT, Senter for forskning p\u00e5 mentale lidelser. I satsingen eNORMENT har han ledet prosjekter innen app-utvikling, passiv monitorering og nettl\u00f8sninger for samtykke og sp\u00f8rreskjema, med m\u00e5l om mer effektiv og umiddelbar datainnsamlingsprosess. Han leder senterets gruppe for Database and Biostatistikk, med ansvar for [&hellip;]","og_url":"https:\/\/ehin.no\/2020\/speakers\/thomas-bjella\/","og_site_name":"EHiN 2020","og_image":[{"width":150,"height":150,"url":"https:\/\/ehin.no\/2020\/wp-content\/uploads\/sites\/2\/2020\/09\/thomas-bjella_kvadrat_lite.jpg","type":"image\/jpeg"}],"twitter_card":"summary_large_image","schema":{"@context":"https:\/\/schema.org","@graph":[{"@type":"WebPage","@id":"https:\/\/ehin.no\/2020\/speakers\/thomas-bjella\/","url":"https:\/\/ehin.no\/2020\/speakers\/thomas-bjella\/","name":"Thomas Bjella - EHiN 2020","isPartOf":{"@id":"https:\/\/ehin.no\/2020\/#website"},"primaryImageOfPage":{"@id":"https:\/\/ehin.no\/2020\/speakers\/thomas-bjella\/#primaryimage"},"image":{"@id":"https:\/\/ehin.no\/2020\/speakers\/thomas-bjella\/#primaryimage"},"thumbnailUrl":"https:\/\/ehin.no\/2020\/wp-content\/uploads\/sites\/2\/2020\/09\/thomas-bjella_kvadrat_lite.jpg","datePublished":"2020-09-30T12:53:06+00:00","breadcrumb":{"@id":"https:\/\/ehin.no\/2020\/speakers\/thomas-bjella\/#breadcrumb"},"inLanguage":"en-US","potentialAction":[{"@type":"ReadAction","target":["https:\/\/ehin.no\/2020\/speakers\/thomas-bjella\/"]}]},{"@type":"ImageObject","inLanguage":"en-US","@id":"https:\/\/ehin.no\/2020\/speakers\/thomas-bjella\/#primaryimage","url":"https:\/\/ehin.no\/2020\/wp-content\/uploads\/sites\/2\/2020\/09\/thomas-bjella_kvadrat_lite.jpg","contentUrl":"https:\/\/ehin.no\/2020\/wp-content\/uploads\/sites\/2\/2020\/09\/thomas-bjella_kvadrat_lite.jpg","width":150,"height":150},{"@type":"BreadcrumbList","@id":"https:\/\/ehin.no\/2020\/speakers\/thomas-bjella\/#breadcrumb","itemListElement":[{"@type":"ListItem","position":1,"name":"Hjem","item":"https:\/\/ehin.no\/2020\/"},{"@type":"ListItem","position":2,"name":"Thomas Bjella"}]},{"@type":"WebSite","@id":"https:\/\/ehin.no\/2020\/#website","url":"https:\/\/ehin.no\/2020\/","name":"EHiN 2020","description":"10. og 11. november 2020","potentialAction":[{"@type":"SearchAction","target":{"@type":"EntryPoint","urlTemplate":"https:\/\/ehin.no\/2020\/?s={search_term_string}"},"query-input":{"@type":"PropertyValueSpecification","valueRequired":true,"valueName":"search_term_string"}}],"inLanguage":"en-US"}]}},"speaker_title":"","_links":{"self":[{"href":"https:\/\/ehin.no\/2020\/en\/wp-json\/wp\/v2\/speaker\/1293","targetHints":{"allow":["GET"]}}],"collection":[{"href":"https:\/\/ehin.no\/2020\/en\/wp-json\/wp\/v2\/speaker"}],"about":[{"href":"https:\/\/ehin.no\/2020\/en\/wp-json\/wp\/v2\/types\/speaker"}],"wp:featuredmedia":[{"embeddable":true,"href":"https:\/\/ehin.no\/2020\/en\/wp-json\/wp\/v2\/media\/1294"}],"wp:attachment":[{"href":"https:\/\/ehin.no\/2020\/en\/wp-json\/wp\/v2\/media?parent=1293"}],"wp:term":[{"taxonomy":"speakertype","embeddable":true,"href":"https:\/\/ehin.no\/2020\/en\/wp-json\/wp\/v2\/speakertype?post=1293"}],"curies":[{"name":"wp","href":"https:\/\/api.w.org\/{rel}","templated":true}]}}

<p><span style="font-weight: 400">Thomas Bjella har i flere år jobbet med digitalisering i forskning ved NORMENT, Senter for forskning på mentale lidelser. I satsingen eNORMENT har han ledet prosjekter innen app-utvikling, passiv monitorering og nettløsninger for samtykke og spørreskjema, med mål om mer effektiv og umiddelbar datainnsamlingsprosess. Han leder senterets gruppe for Database and Biostatistikk, med ansvar for datasikkerhet og kobling mot samarbeidende prosjekter nasjonalt og internasjonalt, samt helseregistre.</span></p>
<p><span style="font-weight: 400">Thomas er utdannet Cand.Polit. Psykologi fra NTNU, med utvidet kompetanse som forskningsingeniør.</span></p>

<p>Thomas Bjella har i flere år jobbet med digitalisering i forskning ved NORMENT, Senter for forskning på mentale lidelser. I satsingen eNORMENT har han ledet prosjekter innen app-utvikling, passiv monitorering og nettløsninger for samtykke og spørreskjema, med mål om mer effektiv og umiddelbar datainnsamlingsprosess. Han leder senterets gruppe for Database and Biostatistikk, med ansvar for [&hellip;]</p>

<!-- This site is optimized with the Yoast SEO plugin v28.3 - https://yoast.com/product/yoast-seo-wordpress/ -->
<title>Thomas Bjella - EHiN 2020</title>
<meta name="robots" content="noindex, follow, max-snippet:-1, max-image-preview:large, max-video-preview:-1" />
<meta property="og:locale" content="en_US" />
<meta property="og:type" content="article" />
<meta property="og:title" content="Thomas Bjella - EHiN 2020" />
<meta property="og:description" content="Thomas Bjella har i flere år jobbet med digitalisering i forskning ved NORMENT, Senter for forskning på mentale lidelser. I satsingen eNORMENT har han ledet prosjekter innen app-utvikling, passiv monitorering og nettløsninger for samtykke og spørreskjema, med mål om mer effektiv og umiddelbar datainnsamlingsprosess. Han leder senterets gruppe for Database and Biostatistikk, med ansvar for [&hellip;]" />
<meta property="og:url" content="https://ehin.no/2020/speakers/thomas-bjella/" />
<meta property="og:site_name" content="EHiN 2020" />
<meta property="og:image" content="https://ehin.no/2020/wp-content/uploads/sites/2/2020/09/thomas-bjella_kvadrat_lite.jpg" />
	<meta property="og:image:width" content="150" />
	<meta property="og:image:height" content="150" />
	<meta property="og:image:type" content="image/jpeg" />
<meta name="twitter:card" content="summary_large_image" />
<script type="application/ld+json" class="yoast-schema-graph">{"@context":"https:\/\/schema.org","@graph":[{"@type":"WebPage","@id":"https:\/\/ehin.no\/2020\/speakers\/thomas-bjella\/","url":"https:\/\/ehin.no\/2020\/speakers\/thomas-bjella\/","name":"Thomas Bjella - EHiN 2020","isPartOf":{"@id":"https:\/\/ehin.no\/2020\/#website"},"primaryImageOfPage":{"@id":"https:\/\/ehin.no\/2020\/speakers\/thomas-bjella\/#primaryimage"},"image":{"@id":"https:\/\/ehin.no\/2020\/speakers\/thomas-bjella\/#primaryimage"},"thumbnailUrl":"https:\/\/ehin.no\/2020\/wp-content\/uploads\/sites\/2\/2020\/09\/thomas-bjella_kvadrat_lite.jpg","datePublished":"2020-09-30T12:53:06+00:00","breadcrumb":{"@id":"https:\/\/ehin.no\/2020\/speakers\/thomas-bjella\/#breadcrumb"},"inLanguage":"en-US","potentialAction":[{"@type":"ReadAction","target":["https:\/\/ehin.no\/2020\/speakers\/thomas-bjella\/"]}]},{"@type":"ImageObject","inLanguage":"en-US","@id":"https:\/\/ehin.no\/2020\/speakers\/thomas-bjella\/#primaryimage","url":"https:\/\/ehin.no\/2020\/wp-content\/uploads\/sites\/2\/2020\/09\/thomas-bjella_kvadrat_lite.jpg","contentUrl":"https:\/\/ehin.no\/2020\/wp-content\/uploads\/sites\/2\/2020\/09\/thomas-bjella_kvadrat_lite.jpg","width":150,"height":150},{"@type":"BreadcrumbList","@id":"https:\/\/ehin.no\/2020\/speakers\/thomas-bjella\/#breadcrumb","itemListElement":[{"@type":"ListItem","position":1,"name":"Hjem","item":"https:\/\/ehin.no\/2020\/"},{"@type":"ListItem","position":2,"name":"Thomas Bjella"}]},{"@type":"WebSite","@id":"https:\/\/ehin.no\/2020\/#website","url":"https:\/\/ehin.no\/2020\/","name":"EHiN 2020","description":"10. og 11. november 2020","potentialAction":[{"@type":"SearchAction","target":{"@type":"EntryPoint","urlTemplate":"https:\/\/ehin.no\/2020\/?s={search_term_string}"},"query-input":{"@type":"PropertyValueSpecification","valueRequired":true,"valueName":"search_term_string"}}],"inLanguage":"en-US"}]}</script>
<!-- / Yoast SEO plugin. -->

Thomas Bjella har i flere år jobbet med digitalisering i forskning ved NORMENT, Senter for forskning på mentale lidelser. I satsingen eNORMENT har han ledet prosjekter innen app-utvikling, passiv monitorering og nettløsninger for samtykke og spørreskjema, med mål om mer effektiv og umiddelbar datainnsamlingsprosess. Han leder senterets gruppe for Database and Biostatistikk, med ansvar for [&hellip;]
