{"id":1341,"date":"2020-10-05T10:05:21","date_gmt":"2020-10-05T08:05:21","guid":{"rendered":"https:\/\/ehin.no\/2020\/?post_type=speaker&#038;p=1341"},"modified":"2020-10-05T10:05:21","modified_gmt":"2020-10-05T08:05:21","slug":"cornelia-kristiansen","status":"publish","type":"speaker","link":"https:\/\/ehin.no\/2020\/en\/speakers\/cornelia-kristiansen\/","title":{"rendered":"Cornelia Kristiansen"},"content":{"rendered":"<p><span style=\"font-weight: 400\">Cornelia Kristiansen er statsviter og tidligere journalist, med 14 \u00e5rs erfaring fra mediebransjen. Hun begynte \u00e5 jobbe i Confrere i januar 2020, og rakk s\u00e5vidt \u00e5 skj\u00f8nne hvordan det meste fungerte, f\u00f8r alt endret seg. 12. mars anbefalte legeforeningen alle leger \u00e5 starte med videosamtaler, og Confrere ble nasjonal infrastruktur n\u00e6rmest over natten og m\u00e5tte ansette 11 personer p\u00e5 f\u00e5 dager samtidig som vi hjalp flere tusen leger og psykologer i gang med \u00e5 jobbe p\u00e5 en ny m\u00e5te. <\/span><\/p>\n","protected":false},"excerpt":{"rendered":"<p>Cornelia Kristiansen er statsviter og tidligere journalist, med 14 \u00e5rs erfaring fra mediebransjen. Hun begynte \u00e5 jobbe i Confrere i januar 2020, og rakk s\u00e5vidt \u00e5 skj\u00f8nne hvordan det meste fungerte, f\u00f8r alt endret seg. 12. mars anbefalte legeforeningen alle leger \u00e5 starte med videosamtaler, og Confrere ble nasjonal infrastruktur n\u00e6rmest over natten og m\u00e5tte [&hellip;]<\/p>\n","protected":false},"featured_media":1342,"template":"","speakertype":[],"class_list":["post-1341","speaker","type-speaker","status-publish","has-post-thumbnail","hentry"],"acf":[],"yoast_head":"<!-- This site is optimized with the Yoast SEO plugin v28.4 - https:\/\/yoast.com\/product\/yoast-seo-wordpress\/ -->\n<title>Cornelia Kristiansen - EHiN 2020<\/title>\n<meta name=\"robots\" content=\"noindex, follow, max-snippet:-1, max-image-preview:large, max-video-preview:-1\" \/>\n<meta property=\"og:locale\" content=\"en_US\" \/>\n<meta property=\"og:type\" content=\"article\" \/>\n<meta property=\"og:title\" content=\"Cornelia Kristiansen - EHiN 2020\" \/>\n<meta property=\"og:description\" content=\"Cornelia Kristiansen er statsviter og tidligere journalist, med 14 \u00e5rs erfaring fra mediebransjen. Hun begynte \u00e5 jobbe i Confrere i januar 2020, og rakk s\u00e5vidt \u00e5 skj\u00f8nne hvordan det meste fungerte, f\u00f8r alt endret seg. 12. mars anbefalte legeforeningen alle leger \u00e5 starte med videosamtaler, og Confrere ble nasjonal infrastruktur n\u00e6rmest over natten og m\u00e5tte [&hellip;]\" \/>\n<meta property=\"og:url\" content=\"https:\/\/ehin.no\/2020\/en\/speakers\/cornelia-kristiansen\/\" \/>\n<meta property=\"og:site_name\" content=\"EHiN 2020\" \/>\n<meta property=\"og:image\" content=\"https:\/\/ehin.no\/2020\/wp-content\/uploads\/sites\/2\/2020\/10\/CorneliaKristiansen.png\" \/>\n\t<meta property=\"og:image:width\" content=\"400\" \/>\n\t<meta property=\"og:image:height\" content=\"400\" \/>\n\t<meta property=\"og:image:type\" content=\"image\/png\" \/>\n<meta name=\"twitter:card\" content=\"summary_large_image\" \/>\n<script type=\"application\/ld+json\" class=\"yoast-schema-graph\">{\"@context\":\"https:\\\/\\\/schema.org\",\"@graph\":[{\"@type\":\"WebPage\",\"@id\":\"https:\\\/\\\/ehin.no\\\/2020\\\/en\\\/speakers\\\/cornelia-kristiansen\\\/\",\"url\":\"https:\\\/\\\/ehin.no\\\/2020\\\/en\\\/speakers\\\/cornelia-kristiansen\\\/\",\"name\":\"Cornelia Kristiansen - EHiN 2020\",\"isPartOf\":{\"@id\":\"https:\\\/\\\/ehin.no\\\/2020\\\/#website\"},\"primaryImageOfPage\":{\"@id\":\"https:\\\/\\\/ehin.no\\\/2020\\\/en\\\/speakers\\\/cornelia-kristiansen\\\/#primaryimage\"},\"image\":{\"@id\":\"https:\\\/\\\/ehin.no\\\/2020\\\/en\\\/speakers\\\/cornelia-kristiansen\\\/#primaryimage\"},\"thumbnailUrl\":\"https:\\\/\\\/ehin.no\\\/2020\\\/wp-content\\\/uploads\\\/sites\\\/2\\\/2020\\\/10\\\/CorneliaKristiansen.png\",\"datePublished\":\"2020-10-05T08:05:21+00:00\",\"breadcrumb\":{\"@id\":\"https:\\\/\\\/ehin.no\\\/2020\\\/en\\\/speakers\\\/cornelia-kristiansen\\\/#breadcrumb\"},\"inLanguage\":\"en-US\",\"potentialAction\":[{\"@type\":\"ReadAction\",\"target\":[\"https:\\\/\\\/ehin.no\\\/2020\\\/en\\\/speakers\\\/cornelia-kristiansen\\\/\"]}]},{\"@type\":\"ImageObject\",\"inLanguage\":\"en-US\",\"@id\":\"https:\\\/\\\/ehin.no\\\/2020\\\/en\\\/speakers\\\/cornelia-kristiansen\\\/#primaryimage\",\"url\":\"https:\\\/\\\/ehin.no\\\/2020\\\/wp-content\\\/uploads\\\/sites\\\/2\\\/2020\\\/10\\\/CorneliaKristiansen.png\",\"contentUrl\":\"https:\\\/\\\/ehin.no\\\/2020\\\/wp-content\\\/uploads\\\/sites\\\/2\\\/2020\\\/10\\\/CorneliaKristiansen.png\",\"width\":400,\"height\":400},{\"@type\":\"BreadcrumbList\",\"@id\":\"https:\\\/\\\/ehin.no\\\/2020\\\/en\\\/speakers\\\/cornelia-kristiansen\\\/#breadcrumb\",\"itemListElement\":[{\"@type\":\"ListItem\",\"position\":1,\"name\":\"Hjem\",\"item\":\"https:\\\/\\\/ehin.no\\\/2020\\\/\"},{\"@type\":\"ListItem\",\"position\":2,\"name\":\"Cornelia Kristiansen\"}]},{\"@type\":\"WebSite\",\"@id\":\"https:\\\/\\\/ehin.no\\\/2020\\\/#website\",\"url\":\"https:\\\/\\\/ehin.no\\\/2020\\\/\",\"name\":\"EHiN 2020\",\"description\":\"10. og 11. november 2020\",\"potentialAction\":[{\"@type\":\"SearchAction\",\"target\":{\"@type\":\"EntryPoint\",\"urlTemplate\":\"https:\\\/\\\/ehin.no\\\/2020\\\/?s={search_term_string}\"},\"query-input\":{\"@type\":\"PropertyValueSpecification\",\"valueRequired\":true,\"valueName\":\"search_term_string\"}}],\"inLanguage\":\"en-US\"}]}<\/script>\n<!-- \/ Yoast SEO plugin. -->","yoast_head_json":{"title":"Cornelia Kristiansen - EHiN 2020","robots":{"index":"noindex","follow":"follow","max-snippet":"max-snippet:-1","max-image-preview":"max-image-preview:large","max-video-preview":"max-video-preview:-1"},"og_locale":"en_US","og_type":"article","og_title":"Cornelia Kristiansen - EHiN 2020","og_description":"Cornelia Kristiansen er statsviter og tidligere journalist, med 14 \u00e5rs erfaring fra mediebransjen. Hun begynte \u00e5 jobbe i Confrere i januar 2020, og rakk s\u00e5vidt \u00e5 skj\u00f8nne hvordan det meste fungerte, f\u00f8r alt endret seg. 12. mars anbefalte legeforeningen alle leger \u00e5 starte med videosamtaler, og Confrere ble nasjonal infrastruktur n\u00e6rmest over natten og m\u00e5tte [&hellip;]","og_url":"https:\/\/ehin.no\/2020\/en\/speakers\/cornelia-kristiansen\/","og_site_name":"EHiN 2020","og_image":[{"width":400,"height":400,"url":"https:\/\/ehin.no\/2020\/wp-content\/uploads\/sites\/2\/2020\/10\/CorneliaKristiansen.png","type":"image\/png"}],"twitter_card":"summary_large_image","schema":{"@context":"https:\/\/schema.org","@graph":[{"@type":"WebPage","@id":"https:\/\/ehin.no\/2020\/en\/speakers\/cornelia-kristiansen\/","url":"https:\/\/ehin.no\/2020\/en\/speakers\/cornelia-kristiansen\/","name":"Cornelia Kristiansen - EHiN 2020","isPartOf":{"@id":"https:\/\/ehin.no\/2020\/#website"},"primaryImageOfPage":{"@id":"https:\/\/ehin.no\/2020\/en\/speakers\/cornelia-kristiansen\/#primaryimage"},"image":{"@id":"https:\/\/ehin.no\/2020\/en\/speakers\/cornelia-kristiansen\/#primaryimage"},"thumbnailUrl":"https:\/\/ehin.no\/2020\/wp-content\/uploads\/sites\/2\/2020\/10\/CorneliaKristiansen.png","datePublished":"2020-10-05T08:05:21+00:00","breadcrumb":{"@id":"https:\/\/ehin.no\/2020\/en\/speakers\/cornelia-kristiansen\/#breadcrumb"},"inLanguage":"en-US","potentialAction":[{"@type":"ReadAction","target":["https:\/\/ehin.no\/2020\/en\/speakers\/cornelia-kristiansen\/"]}]},{"@type":"ImageObject","inLanguage":"en-US","@id":"https:\/\/ehin.no\/2020\/en\/speakers\/cornelia-kristiansen\/#primaryimage","url":"https:\/\/ehin.no\/2020\/wp-content\/uploads\/sites\/2\/2020\/10\/CorneliaKristiansen.png","contentUrl":"https:\/\/ehin.no\/2020\/wp-content\/uploads\/sites\/2\/2020\/10\/CorneliaKristiansen.png","width":400,"height":400},{"@type":"BreadcrumbList","@id":"https:\/\/ehin.no\/2020\/en\/speakers\/cornelia-kristiansen\/#breadcrumb","itemListElement":[{"@type":"ListItem","position":1,"name":"Hjem","item":"https:\/\/ehin.no\/2020\/"},{"@type":"ListItem","position":2,"name":"Cornelia Kristiansen"}]},{"@type":"WebSite","@id":"https:\/\/ehin.no\/2020\/#website","url":"https:\/\/ehin.no\/2020\/","name":"EHiN 2020","description":"10. og 11. november 2020","potentialAction":[{"@type":"SearchAction","target":{"@type":"EntryPoint","urlTemplate":"https:\/\/ehin.no\/2020\/?s={search_term_string}"},"query-input":{"@type":"PropertyValueSpecification","valueRequired":true,"valueName":"search_term_string"}}],"inLanguage":"en-US"}]}},"speaker_title":"","_links":{"self":[{"href":"https:\/\/ehin.no\/2020\/en\/wp-json\/wp\/v2\/speaker\/1341","targetHints":{"allow":["GET"]}}],"collection":[{"href":"https:\/\/ehin.no\/2020\/en\/wp-json\/wp\/v2\/speaker"}],"about":[{"href":"https:\/\/ehin.no\/2020\/en\/wp-json\/wp\/v2\/types\/speaker"}],"wp:featuredmedia":[{"embeddable":true,"href":"https:\/\/ehin.no\/2020\/en\/wp-json\/wp\/v2\/media\/1342"}],"wp:attachment":[{"href":"https:\/\/ehin.no\/2020\/en\/wp-json\/wp\/v2\/media?parent=1341"}],"wp:term":[{"taxonomy":"speakertype","embeddable":true,"href":"https:\/\/ehin.no\/2020\/en\/wp-json\/wp\/v2\/speakertype?post=1341"}],"curies":[{"name":"wp","href":"https:\/\/api.w.org\/{rel}","templated":true}]}}

<p><span style="font-weight: 400">Cornelia Kristiansen er statsviter og tidligere journalist, med 14 års erfaring fra mediebransjen. Hun begynte å jobbe i Confrere i januar 2020, og rakk såvidt å skjønne hvordan det meste fungerte, før alt endret seg. 12. mars anbefalte legeforeningen alle leger å starte med videosamtaler, og Confrere ble nasjonal infrastruktur nærmest over natten og måtte ansette 11 personer på få dager samtidig som vi hjalp flere tusen leger og psykologer i gang med å jobbe på en ny måte. </span></p>

<p>Cornelia Kristiansen er statsviter og tidligere journalist, med 14 års erfaring fra mediebransjen. Hun begynte å jobbe i Confrere i januar 2020, og rakk såvidt å skjønne hvordan det meste fungerte, før alt endret seg. 12. mars anbefalte legeforeningen alle leger å starte med videosamtaler, og Confrere ble nasjonal infrastruktur nærmest over natten og måtte [&hellip;]</p>

<!-- This site is optimized with the Yoast SEO plugin v28.4 - https://yoast.com/product/yoast-seo-wordpress/ -->
<title>Cornelia Kristiansen - EHiN 2020</title>
<meta name="robots" content="noindex, follow, max-snippet:-1, max-image-preview:large, max-video-preview:-1" />
<meta property="og:locale" content="en_US" />
<meta property="og:type" content="article" />
<meta property="og:title" content="Cornelia Kristiansen - EHiN 2020" />
<meta property="og:description" content="Cornelia Kristiansen er statsviter og tidligere journalist, med 14 års erfaring fra mediebransjen. Hun begynte å jobbe i Confrere i januar 2020, og rakk såvidt å skjønne hvordan det meste fungerte, før alt endret seg. 12. mars anbefalte legeforeningen alle leger å starte med videosamtaler, og Confrere ble nasjonal infrastruktur nærmest over natten og måtte [&hellip;]" />
<meta property="og:url" content="https://ehin.no/2020/en/speakers/cornelia-kristiansen/" />
<meta property="og:site_name" content="EHiN 2020" />
<meta property="og:image" content="https://ehin.no/2020/wp-content/uploads/sites/2/2020/10/CorneliaKristiansen.png" />
	<meta property="og:image:width" content="400" />
	<meta property="og:image:height" content="400" />
	<meta property="og:image:type" content="image/png" />
<meta name="twitter:card" content="summary_large_image" />
<script type="application/ld+json" class="yoast-schema-graph">{"@context":"https:\/\/schema.org","@graph":[{"@type":"WebPage","@id":"https:\/\/ehin.no\/2020\/en\/speakers\/cornelia-kristiansen\/","url":"https:\/\/ehin.no\/2020\/en\/speakers\/cornelia-kristiansen\/","name":"Cornelia Kristiansen - EHiN 2020","isPartOf":{"@id":"https:\/\/ehin.no\/2020\/#website"},"primaryImageOfPage":{"@id":"https:\/\/ehin.no\/2020\/en\/speakers\/cornelia-kristiansen\/#primaryimage"},"image":{"@id":"https:\/\/ehin.no\/2020\/en\/speakers\/cornelia-kristiansen\/#primaryimage"},"thumbnailUrl":"https:\/\/ehin.no\/2020\/wp-content\/uploads\/sites\/2\/2020\/10\/CorneliaKristiansen.png","datePublished":"2020-10-05T08:05:21+00:00","breadcrumb":{"@id":"https:\/\/ehin.no\/2020\/en\/speakers\/cornelia-kristiansen\/#breadcrumb"},"inLanguage":"en-US","potentialAction":[{"@type":"ReadAction","target":["https:\/\/ehin.no\/2020\/en\/speakers\/cornelia-kristiansen\/"]}]},{"@type":"ImageObject","inLanguage":"en-US","@id":"https:\/\/ehin.no\/2020\/en\/speakers\/cornelia-kristiansen\/#primaryimage","url":"https:\/\/ehin.no\/2020\/wp-content\/uploads\/sites\/2\/2020\/10\/CorneliaKristiansen.png","contentUrl":"https:\/\/ehin.no\/2020\/wp-content\/uploads\/sites\/2\/2020\/10\/CorneliaKristiansen.png","width":400,"height":400},{"@type":"BreadcrumbList","@id":"https:\/\/ehin.no\/2020\/en\/speakers\/cornelia-kristiansen\/#breadcrumb","itemListElement":[{"@type":"ListItem","position":1,"name":"Hjem","item":"https:\/\/ehin.no\/2020\/"},{"@type":"ListItem","position":2,"name":"Cornelia Kristiansen"}]},{"@type":"WebSite","@id":"https:\/\/ehin.no\/2020\/#website","url":"https:\/\/ehin.no\/2020\/","name":"EHiN 2020","description":"10. og 11. november 2020","potentialAction":[{"@type":"SearchAction","target":{"@type":"EntryPoint","urlTemplate":"https:\/\/ehin.no\/2020\/?s={search_term_string}"},"query-input":{"@type":"PropertyValueSpecification","valueRequired":true,"valueName":"search_term_string"}}],"inLanguage":"en-US"}]}</script>
<!-- / Yoast SEO plugin. -->

Cornelia Kristiansen er statsviter og tidligere journalist, med 14 års erfaring fra mediebransjen. Hun begynte å jobbe i Confrere i januar 2020, og rakk såvidt å skjønne hvordan det meste fungerte, før alt endret seg. 12. mars anbefalte legeforeningen alle leger å starte med videosamtaler, og Confrere ble nasjonal infrastruktur nærmest over natten og måtte [&hellip;]
