{"id":710,"date":"2023-06-21T10:24:18","date_gmt":"2023-06-21T08:24:18","guid":{"rendered":"https:\/\/ehin.no\/2023\/?post_type=session&#038;p=710"},"modified":"2024-01-16T13:28:12","modified_gmt":"2024-01-16T12:28:12","slug":"greybox-3","status":"publish","type":"session","link":"https:\/\/ehin.no\/2023\/sessions\/greybox-3\/","title":{"rendered":"Debatt: Kjerkol har rett!"},"content":{"rendered":"<p><span style=\"font-weight: 400;\">I <\/span><span style=\"font-weight: 400;\">denne sesjonen vil vi snakke mer om hvordan Norge og Norden kan m\u00f8te de utfordringene som st\u00e5r foran oss \u2013 en demografi i endring, mangel p\u00e5 ressurser og st\u00f8rre krav til helsetjenester.<\/span><\/p>\n<p><span style=\"font-weight: 400;\">Eldreb\u00f8lgen blir verst for de unge, skriver VG i en kommentar. Hvordan kan vi unng\u00e5 at de nye generasjonene sitter med ansvaret, jobben og kostnadene for \u00e5 stelle det \u00f8kende antallet 80-\u00e5ringer?<\/span><\/p>\n<p><span style=\"font-weight: 400;\">Statsr\u00e5d Ingvild Kjerkol har sagt at vi m\u00e5 planlegge v\u00e5r egen alderdom. VG kommentatoren Hanne Skartveit skriver: \u201cKjerkol har helt rett.\u201d B\u00e5rd Hoksrud, Tone W. Tr\u00f8en, Ingrid Stenstadvold Ross, Anita Vatland, Anne-Kari Minsaas og Karl Kristian Bekeng vil dele verdifull innsikt fra sine respektive felt.<\/span><\/p>\n<p><span style=\"font-weight: 400;\">Debatten f\u00f8res i lys av Helsepersonellskommisjonens rapport og Skartveits kommentar.<\/span><\/p>\n<p><a href=\"https:\/\/www.vg.no\/nyheter\/meninger\/i\/8JkGed\/eldreboelgen-blir-verst-for-de-unge\"><span style=\"font-weight: 400;\">https:\/\/www.vg.no\/nyheter\/meninger\/i\/8JkGed\/eldreboelgen-blir-verst-for-de-unge<\/span><\/a><\/p>\n<hr \/>\n<p><strong>Deltakere, panel I:<\/strong><br \/>\nMariann Hornnes, Direktoratet for e-helse<br \/>\nAnne-Karin Rime, Den norske legeforening<br \/>\nAnita Vatland, P\u00e5r\u00f8rendealliansen<br \/>\nAnne Kari Minsaas, Pensjonistforbundet<\/p>\n<p><strong>Deltakere, panel II:<\/strong><br \/>\nTone Wilhelmsen Tr\u00f8en (H), leder av Stortingets Helse- og omsorgskomit\u00e9<br \/>\nB\u00e5rd Hoksrud (FrP), andre nestleder av Stortingets Helse- og omsorgskomit\u00e9<\/p>\n<p><strong>Moderator: <\/strong><em>Ingrid Stenstadvold Ross, Kreftforeningen<\/em><\/p>\n<hr \/>\n<div class=\"flowplayer-embed-container\" style=\"position: relative; padding-bottom: 56.25%; height: 0; overflow: hidden; max-width:100%;\">\n        <iframe webkitAllowFullScreen mozallowfullscreen allowfullscreen src=\"\/\/ljsp.lwcdn.com\/api\/video\/embed.jsp?id=281ca077-ec6c-45e1-8a67-5a92785301ba&#038;pi=ab13f1ea-00aa-4071-8e72-686dc5c2ac80\" title=\"Debatt: Kjerkol har rett! - EHiN 2023 11\/07\/2023 13:06\" byline=\"0\" portrait=\"0\" frameborder=\"0\" allow=\"autoplay\" style=\"position: absolute; top: 0; left: 0; width: 100%; height: 100%;\"><\/iframe>\n      <\/div>\n","protected":false},"excerpt":{"rendered":"<p>I denne sesjonen vil vi snakke mer om hvordan Norge og Norden kan m\u00f8te de utfordringene som st\u00e5r foran oss \u2013 en demografi i endring, mangel p\u00e5 ressurser og st\u00f8rre krav til helsetjenester. Eldreb\u00f8lgen blir verst for de unge, skriver VG i en kommentar. Hvordan kan vi unng\u00e5 at de nye generasjonene sitter med ansvaret, [&hellip;]<\/p>\n","protected":false},"featured_media":0,"menu_order":0,"template":"","session-location":[16],"session-track":[],"class_list":["post-710","session","type-session","status-publish","hentry","session-location-grey-box"],"acf":[],"yoast_head":"<!-- This site is optimized with the Yoast SEO plugin v28.4 - https:\/\/yoast.com\/product\/yoast-seo-wordpress\/ -->\n<title>Debatt: Kjerkol har rett! - EHIN 2023<\/title>\n<meta name=\"robots\" content=\"index, follow, max-snippet:-1, max-image-preview:large, max-video-preview:-1\" \/>\n<link rel=\"canonical\" href=\"https:\/\/ehin.no\/2023\/sessions\/greybox-3\/\" \/>\n<meta property=\"og:locale\" content=\"nb_NO\" \/>\n<meta property=\"og:type\" content=\"article\" \/>\n<meta property=\"og:title\" content=\"Debatt: Kjerkol har rett! - EHIN 2023\" \/>\n<meta property=\"og:description\" content=\"I denne sesjonen vil vi snakke mer om hvordan Norge og Norden kan m\u00f8te de utfordringene som st\u00e5r foran oss \u2013 en demografi i endring, mangel p\u00e5 ressurser og st\u00f8rre krav til helsetjenester. Eldreb\u00f8lgen blir verst for de unge, skriver VG i en kommentar. Hvordan kan vi unng\u00e5 at de nye generasjonene sitter med ansvaret, [&hellip;]\" \/>\n<meta property=\"og:url\" content=\"https:\/\/ehin.no\/2023\/sessions\/greybox-3\/\" \/>\n<meta property=\"og:site_name\" content=\"EHIN 2023\" \/>\n<meta property=\"article:publisher\" content=\"https:\/\/www.facebook.com\/ehinorge\" \/>\n<meta property=\"article:modified_time\" content=\"2024-01-16T12:28:12+00:00\" \/>\n<meta name=\"twitter:card\" content=\"summary_large_image\" \/>\n<meta name=\"twitter:site\" content=\"@EHelseINorge\" \/>\n<meta name=\"twitter:label1\" content=\"Ansl. lesetid\" \/>\n\t<meta name=\"twitter:data1\" content=\"1 minutt\" \/>\n<script type=\"application\/ld+json\" class=\"yoast-schema-graph\">{\"@context\":\"https:\\\/\\\/schema.org\",\"@graph\":[{\"@type\":\"WebPage\",\"@id\":\"https:\\\/\\\/ehin.no\\\/2023\\\/sessions\\\/greybox-3\\\/\",\"url\":\"https:\\\/\\\/ehin.no\\\/2023\\\/sessions\\\/greybox-3\\\/\",\"name\":\"Debatt: Kjerkol har rett! - EHIN 2023\",\"isPartOf\":{\"@id\":\"https:\\\/\\\/ehin.no\\\/2023\\\/#website\"},\"datePublished\":\"2023-06-21T08:24:18+00:00\",\"dateModified\":\"2024-01-16T12:28:12+00:00\",\"breadcrumb\":{\"@id\":\"https:\\\/\\\/ehin.no\\\/2023\\\/sessions\\\/greybox-3\\\/#breadcrumb\"},\"inLanguage\":\"nb-NO\",\"potentialAction\":[{\"@type\":\"ReadAction\",\"target\":[\"https:\\\/\\\/ehin.no\\\/2023\\\/sessions\\\/greybox-3\\\/\"]}]},{\"@type\":\"BreadcrumbList\",\"@id\":\"https:\\\/\\\/ehin.no\\\/2023\\\/sessions\\\/greybox-3\\\/#breadcrumb\",\"itemListElement\":[{\"@type\":\"ListItem\",\"position\":1,\"name\":\"Hjem\",\"item\":\"https:\\\/\\\/ehin.no\\\/2023\\\/\"},{\"@type\":\"ListItem\",\"position\":2,\"name\":\"Debatt: Kjerkol har rett!\"}]},{\"@type\":\"WebSite\",\"@id\":\"https:\\\/\\\/ehin.no\\\/2023\\\/#website\",\"url\":\"https:\\\/\\\/ehin.no\\\/2023\\\/\",\"name\":\"EHIN 2023\",\"description\":\"7. og 8. November 2023\",\"publisher\":{\"@id\":\"https:\\\/\\\/ehin.no\\\/2023\\\/#organization\"},\"potentialAction\":[{\"@type\":\"SearchAction\",\"target\":{\"@type\":\"EntryPoint\",\"urlTemplate\":\"https:\\\/\\\/ehin.no\\\/2023\\\/?s={search_term_string}\"},\"query-input\":{\"@type\":\"PropertyValueSpecification\",\"valueRequired\":true,\"valueName\":\"search_term_string\"}}],\"inLanguage\":\"nb-NO\"},{\"@type\":\"Organization\",\"@id\":\"https:\\\/\\\/ehin.no\\\/2023\\\/#organization\",\"name\":\"EHIN\",\"url\":\"https:\\\/\\\/ehin.no\\\/2023\\\/\",\"logo\":{\"@type\":\"ImageObject\",\"inLanguage\":\"nb-NO\",\"@id\":\"https:\\\/\\\/ehin.no\\\/2023\\\/#\\\/schema\\\/logo\\\/image\\\/\",\"url\":\"https:\\\/\\\/ehin.no\\\/2023\\\/wp-content\\\/uploads\\\/sites\\\/5\\\/2023\\\/01\\\/EHiN-2023-logo-mork.png\",\"contentUrl\":\"https:\\\/\\\/ehin.no\\\/2023\\\/wp-content\\\/uploads\\\/sites\\\/5\\\/2023\\\/01\\\/EHiN-2023-logo-mork.png\",\"width\":893,\"height\":292,\"caption\":\"EHIN\"},\"image\":{\"@id\":\"https:\\\/\\\/ehin.no\\\/2023\\\/#\\\/schema\\\/logo\\\/image\\\/\"},\"sameAs\":[\"https:\\\/\\\/www.facebook.com\\\/ehinorge\",\"https:\\\/\\\/x.com\\\/EHelseINorge\",\"https:\\\/\\\/www.linkedin.com\\\/company\\\/ehin-2018\\\/\",\"https:\\\/\\\/www.instagram.com\\\/ehin_norge\\\/\",\"https:\\\/\\\/www.youtube.com\\\/@EHiNorge\"]}]}<\/script>\n<!-- \/ Yoast SEO plugin. -->","yoast_head_json":{"title":"Debatt: Kjerkol har rett! - EHIN 2023","robots":{"index":"index","follow":"follow","max-snippet":"max-snippet:-1","max-image-preview":"max-image-preview:large","max-video-preview":"max-video-preview:-1"},"canonical":"https:\/\/ehin.no\/2023\/sessions\/greybox-3\/","og_locale":"nb_NO","og_type":"article","og_title":"Debatt: Kjerkol har rett! - EHIN 2023","og_description":"I denne sesjonen vil vi snakke mer om hvordan Norge og Norden kan m\u00f8te de utfordringene som st\u00e5r foran oss \u2013 en demografi i endring, mangel p\u00e5 ressurser og st\u00f8rre krav til helsetjenester. Eldreb\u00f8lgen blir verst for de unge, skriver VG i en kommentar. Hvordan kan vi unng\u00e5 at de nye generasjonene sitter med ansvaret, [&hellip;]","og_url":"https:\/\/ehin.no\/2023\/sessions\/greybox-3\/","og_site_name":"EHIN 2023","article_publisher":"https:\/\/www.facebook.com\/ehinorge","article_modified_time":"2024-01-16T12:28:12+00:00","twitter_card":"summary_large_image","twitter_site":"@EHelseINorge","twitter_misc":{"Ansl. lesetid":"1 minutt"},"schema":{"@context":"https:\/\/schema.org","@graph":[{"@type":"WebPage","@id":"https:\/\/ehin.no\/2023\/sessions\/greybox-3\/","url":"https:\/\/ehin.no\/2023\/sessions\/greybox-3\/","name":"Debatt: Kjerkol har rett! - EHIN 2023","isPartOf":{"@id":"https:\/\/ehin.no\/2023\/#website"},"datePublished":"2023-06-21T08:24:18+00:00","dateModified":"2024-01-16T12:28:12+00:00","breadcrumb":{"@id":"https:\/\/ehin.no\/2023\/sessions\/greybox-3\/#breadcrumb"},"inLanguage":"nb-NO","potentialAction":[{"@type":"ReadAction","target":["https:\/\/ehin.no\/2023\/sessions\/greybox-3\/"]}]},{"@type":"BreadcrumbList","@id":"https:\/\/ehin.no\/2023\/sessions\/greybox-3\/#breadcrumb","itemListElement":[{"@type":"ListItem","position":1,"name":"Hjem","item":"https:\/\/ehin.no\/2023\/"},{"@type":"ListItem","position":2,"name":"Debatt: Kjerkol har rett!"}]},{"@type":"WebSite","@id":"https:\/\/ehin.no\/2023\/#website","url":"https:\/\/ehin.no\/2023\/","name":"EHIN 2023","description":"7. og 8. November 2023","publisher":{"@id":"https:\/\/ehin.no\/2023\/#organization"},"potentialAction":[{"@type":"SearchAction","target":{"@type":"EntryPoint","urlTemplate":"https:\/\/ehin.no\/2023\/?s={search_term_string}"},"query-input":{"@type":"PropertyValueSpecification","valueRequired":true,"valueName":"search_term_string"}}],"inLanguage":"nb-NO"},{"@type":"Organization","@id":"https:\/\/ehin.no\/2023\/#organization","name":"EHIN","url":"https:\/\/ehin.no\/2023\/","logo":{"@type":"ImageObject","inLanguage":"nb-NO","@id":"https:\/\/ehin.no\/2023\/#\/schema\/logo\/image\/","url":"https:\/\/ehin.no\/2023\/wp-content\/uploads\/sites\/5\/2023\/01\/EHiN-2023-logo-mork.png","contentUrl":"https:\/\/ehin.no\/2023\/wp-content\/uploads\/sites\/5\/2023\/01\/EHiN-2023-logo-mork.png","width":893,"height":292,"caption":"EHIN"},"image":{"@id":"https:\/\/ehin.no\/2023\/#\/schema\/logo\/image\/"},"sameAs":["https:\/\/www.facebook.com\/ehinorge","https:\/\/x.com\/EHelseINorge","https:\/\/www.linkedin.com\/company\/ehin-2018\/","https:\/\/www.instagram.com\/ehin_norge\/","https:\/\/www.youtube.com\/@EHiNorge"]}]}},"session_date":"1699315200","session_time":"12:00","session_end_time":"13:00","session_speakers_list":["1652","2453","892","1309","1733","1758","310"],"_links":{"self":[{"href":"https:\/\/ehin.no\/2023\/wp-json\/wp\/v2\/session\/710","targetHints":{"allow":["GET"]}}],"collection":[{"href":"https:\/\/ehin.no\/2023\/wp-json\/wp\/v2\/session"}],"about":[{"href":"https:\/\/ehin.no\/2023\/wp-json\/wp\/v2\/types\/session"}],"wp:attachment":[{"href":"https:\/\/ehin.no\/2023\/wp-json\/wp\/v2\/media?parent=710"}],"wp:term":[{"taxonomy":"session-location","embeddable":true,"href":"https:\/\/ehin.no\/2023\/wp-json\/wp\/v2\/session-location?post=710"},{"taxonomy":"session-track","embeddable":true,"href":"https:\/\/ehin.no\/2023\/wp-json\/wp\/v2\/session-track?post=710"}],"curies":[{"name":"wp","href":"https:\/\/api.w.org\/{rel}","templated":true}]}}

<p><span style="font-weight: 400;">I </span><span style="font-weight: 400;">denne sesjonen vil vi snakke mer om hvordan Norge og Norden kan møte de utfordringene som står foran oss – en demografi i endring, mangel på ressurser og større krav til helsetjenester.</span></p>
<p><span style="font-weight: 400;">Eldrebølgen blir verst for de unge, skriver VG i en kommentar. Hvordan kan vi unngå at de nye generasjonene sitter med ansvaret, jobben og kostnadene for å stelle det økende antallet 80-åringer?</span></p>
<p><span style="font-weight: 400;">Statsråd Ingvild Kjerkol har sagt at vi må planlegge vår egen alderdom. VG kommentatoren Hanne Skartveit skriver: “Kjerkol har helt rett.” Bård Hoksrud, Tone W. Trøen, Ingrid Stenstadvold Ross, Anita Vatland, Anne-Kari Minsaas og Karl Kristian Bekeng vil dele verdifull innsikt fra sine respektive felt.</span></p>
<p><span style="font-weight: 400;">Debatten føres i lys av Helsepersonellskommisjonens rapport og Skartveits kommentar.</span></p>
<p><a href="https://www.vg.no/nyheter/meninger/i/8JkGed/eldreboelgen-blir-verst-for-de-unge"><span style="font-weight: 400;">https://www.vg.no/nyheter/meninger/i/8JkGed/eldreboelgen-blir-verst-for-de-unge</span></a></p>
<hr />
<p><strong>Deltakere, panel I:</strong><br />
Mariann Hornnes, Direktoratet for e-helse<br />
Anne-Karin Rime, Den norske legeforening<br />
Anita Vatland, Pårørendealliansen<br />
Anne Kari Minsaas, Pensjonistforbundet</p>
<p><strong>Deltakere, panel II:</strong><br />
Tone Wilhelmsen Trøen (H), leder av Stortingets Helse- og omsorgskomité<br />
Bård Hoksrud (FrP), andre nestleder av Stortingets Helse- og omsorgskomité</p>
<p><strong>Moderator: </strong><em>Ingrid Stenstadvold Ross, Kreftforeningen</em></p>
<hr />
<div class="flowplayer-embed-container" style="position: relative; padding-bottom: 56.25%; height: 0; overflow: hidden; max-width:100%;">
        <iframe webkitAllowFullScreen mozallowfullscreen allowfullscreen src="//ljsp.lwcdn.com/api/video/embed.jsp?id=281ca077-ec6c-45e1-8a67-5a92785301ba&#038;pi=ab13f1ea-00aa-4071-8e72-686dc5c2ac80" title="Debatt: Kjerkol har rett! - EHiN 2023 11/07/2023 13:06" byline="0" portrait="0" frameborder="0" allow="autoplay" style="position: absolute; top: 0; left: 0; width: 100%; height: 100%;"></iframe>
      </div>

<p>I denne sesjonen vil vi snakke mer om hvordan Norge og Norden kan møte de utfordringene som står foran oss – en demografi i endring, mangel på ressurser og større krav til helsetjenester. Eldrebølgen blir verst for de unge, skriver VG i en kommentar. Hvordan kan vi unngå at de nye generasjonene sitter med ansvaret, [&hellip;]</p>

<!-- This site is optimized with the Yoast SEO plugin v28.4 - https://yoast.com/product/yoast-seo-wordpress/ -->
<title>Debatt: Kjerkol har rett! - EHIN 2023</title>
<meta name="robots" content="index, follow, max-snippet:-1, max-image-preview:large, max-video-preview:-1" />
<link rel="canonical" href="https://ehin.no/2023/sessions/greybox-3/" />
<meta property="og:locale" content="nb_NO" />
<meta property="og:type" content="article" />
<meta property="og:title" content="Debatt: Kjerkol har rett! - EHIN 2023" />
<meta property="og:description" content="I denne sesjonen vil vi snakke mer om hvordan Norge og Norden kan møte de utfordringene som står foran oss – en demografi i endring, mangel på ressurser og større krav til helsetjenester. Eldrebølgen blir verst for de unge, skriver VG i en kommentar. Hvordan kan vi unngå at de nye generasjonene sitter med ansvaret, [&hellip;]" />
<meta property="og:url" content="https://ehin.no/2023/sessions/greybox-3/" />
<meta property="og:site_name" content="EHIN 2023" />
<meta property="article:publisher" content="https://www.facebook.com/ehinorge" />
<meta property="article:modified_time" content="2024-01-16T12:28:12+00:00" />
<meta name="twitter:card" content="summary_large_image" />
<meta name="twitter:site" content="@EHelseINorge" />
<meta name="twitter:label1" content="Ansl. lesetid" />
	<meta name="twitter:data1" content="1 minutt" />
<script type="application/ld+json" class="yoast-schema-graph">{"@context":"https:\/\/schema.org","@graph":[{"@type":"WebPage","@id":"https:\/\/ehin.no\/2023\/sessions\/greybox-3\/","url":"https:\/\/ehin.no\/2023\/sessions\/greybox-3\/","name":"Debatt: Kjerkol har rett! - EHIN 2023","isPartOf":{"@id":"https:\/\/ehin.no\/2023\/#website"},"datePublished":"2023-06-21T08:24:18+00:00","dateModified":"2024-01-16T12:28:12+00:00","breadcrumb":{"@id":"https:\/\/ehin.no\/2023\/sessions\/greybox-3\/#breadcrumb"},"inLanguage":"nb-NO","potentialAction":[{"@type":"ReadAction","target":["https:\/\/ehin.no\/2023\/sessions\/greybox-3\/"]}]},{"@type":"BreadcrumbList","@id":"https:\/\/ehin.no\/2023\/sessions\/greybox-3\/#breadcrumb","itemListElement":[{"@type":"ListItem","position":1,"name":"Hjem","item":"https:\/\/ehin.no\/2023\/"},{"@type":"ListItem","position":2,"name":"Debatt: Kjerkol har rett!"}]},{"@type":"WebSite","@id":"https:\/\/ehin.no\/2023\/#website","url":"https:\/\/ehin.no\/2023\/","name":"EHIN 2023","description":"7. og 8. November 2023","publisher":{"@id":"https:\/\/ehin.no\/2023\/#organization"},"potentialAction":[{"@type":"SearchAction","target":{"@type":"EntryPoint","urlTemplate":"https:\/\/ehin.no\/2023\/?s={search_term_string}"},"query-input":{"@type":"PropertyValueSpecification","valueRequired":true,"valueName":"search_term_string"}}],"inLanguage":"nb-NO"},{"@type":"Organization","@id":"https:\/\/ehin.no\/2023\/#organization","name":"EHIN","url":"https:\/\/ehin.no\/2023\/","logo":{"@type":"ImageObject","inLanguage":"nb-NO","@id":"https:\/\/ehin.no\/2023\/#\/schema\/logo\/image\/","url":"https:\/\/ehin.no\/2023\/wp-content\/uploads\/sites\/5\/2023\/01\/EHiN-2023-logo-mork.png","contentUrl":"https:\/\/ehin.no\/2023\/wp-content\/uploads\/sites\/5\/2023\/01\/EHiN-2023-logo-mork.png","width":893,"height":292,"caption":"EHIN"},"image":{"@id":"https:\/\/ehin.no\/2023\/#\/schema\/logo\/image\/"},"sameAs":["https:\/\/www.facebook.com\/ehinorge","https:\/\/x.com\/EHelseINorge","https:\/\/www.linkedin.com\/company\/ehin-2018\/","https:\/\/www.instagram.com\/ehin_norge\/","https:\/\/www.youtube.com\/@EHiNorge"]}]}</script>
<!-- / Yoast SEO plugin. -->

I denne sesjonen vil vi snakke mer om hvordan Norge og Norden kan møte de utfordringene som står foran oss – en demografi i endring, mangel på ressurser og større krav til helsetjenester. Eldrebølgen blir verst for de unge, skriver VG i en kommentar. Hvordan kan vi unngå at de nye generasjonene sitter med ansvaret, [&hellip;]
