{"id":1790,"date":"2023-10-02T13:20:14","date_gmt":"2023-10-02T11:20:14","guid":{"rendered":"https:\/\/ehin.no\/2023\/?post_type=speaker&#038;p=1790"},"modified":"2023-10-02T14:20:54","modified_gmt":"2023-10-02T12:20:54","slug":"anne-bogh-fangel","status":"publish","type":"speaker","link":"https:\/\/ehin.no\/2023\/speakers\/anne-bogh-fangel\/","title":{"rendered":"Anne B\u00f8gh Fangel"},"content":{"rendered":"<p><strong>Anne B\u00f8gh Fangel<\/strong> er User Experience Manager i Omilon, og leder virksomhetens arbeide med brukerinvolvering. Hun har bakgrunn fra tech innovation og har mer enn 20 \u00e5rs erfaring med brukersentrert utvikling og organisatorisk implementering av ny teknologi.<u><\/u><u><\/u><\/p>\n<p>En erfaring hun bringer aktivt med i arbeidet er \u00e5 sikre en ansvarlig utvikling av nye AI -l\u00f8sninger. Anne er nylig utpekt som medlem av Nordic Ethical AI Expert Group under Nordic Innovation og er med p\u00e5 \u00e5 sikre et brukerorientert perspektiv i The National Advisory Panel for Danish Data Science Academy og The National Advisory Board for The Pioneer Centre for Artificial Intelligence.<\/p>\n","protected":false},"excerpt":{"rendered":"<p>Anne B\u00f8gh Fangel er User Experience Manager i Omilon, og leder virksomhetens arbeide med brukerinvolvering. Hun har bakgrunn fra tech innovation og har mer enn 20 \u00e5rs erfaring med brukersentrert utvikling og organisatorisk implementering av ny teknologi. En erfaring hun bringer aktivt med i arbeidet er \u00e5 sikre en ansvarlig utvikling av nye AI -l\u00f8sninger. [&hellip;]<\/p>\n","protected":false},"featured_media":1791,"template":"","speakertype":[],"class_list":["post-1790","speaker","type-speaker","status-publish","has-post-thumbnail","hentry"],"acf":[],"yoast_head":"<!-- This site is optimized with the Yoast SEO plugin v28.2 - https:\/\/yoast.com\/product\/yoast-seo-wordpress\/ -->\n<title>Anne B\u00f8gh Fangel - EHIN 2023<\/title>\n<meta name=\"robots\" content=\"index, follow, max-snippet:-1, max-image-preview:large, max-video-preview:-1\" \/>\n<link rel=\"canonical\" href=\"https:\/\/ehin.no\/2023\/speakers\/anne-bogh-fangel\/\" \/>\n<meta property=\"og:locale\" content=\"nb_NO\" \/>\n<meta property=\"og:type\" content=\"article\" \/>\n<meta property=\"og:title\" content=\"Anne B\u00f8gh Fangel - EHIN 2023\" \/>\n<meta property=\"og:description\" content=\"Anne B\u00f8gh Fangel er User Experience Manager i Omilon, og leder virksomhetens arbeide med brukerinvolvering. Hun har bakgrunn fra tech innovation og har mer enn 20 \u00e5rs erfaring med brukersentrert utvikling og organisatorisk implementering av ny teknologi. En erfaring hun bringer aktivt med i arbeidet er \u00e5 sikre en ansvarlig utvikling av nye AI -l\u00f8sninger. [&hellip;]\" \/>\n<meta property=\"og:url\" content=\"https:\/\/ehin.no\/2023\/speakers\/anne-bogh-fangel\/\" \/>\n<meta property=\"og:site_name\" content=\"EHIN 2023\" \/>\n<meta property=\"article:publisher\" content=\"https:\/\/www.facebook.com\/ehinorge\" \/>\n<meta property=\"article:modified_time\" content=\"2023-10-02T12:20:54+00:00\" \/>\n<meta property=\"og:image\" content=\"https:\/\/ehin.no\/2023\/wp-content\/uploads\/sites\/5\/2023\/10\/Anne-Bogh-Fangel.jpg\" \/>\n\t<meta property=\"og:image:width\" content=\"412\" \/>\n\t<meta property=\"og:image:height\" content=\"412\" \/>\n\t<meta property=\"og:image:type\" content=\"image\/jpeg\" \/>\n<meta name=\"twitter:card\" content=\"summary_large_image\" \/>\n<meta name=\"twitter:site\" content=\"@EHelseINorge\" \/>\n<meta name=\"twitter:label1\" content=\"Ansl. lesetid\" \/>\n\t<meta name=\"twitter:data1\" content=\"1 minutt\" \/>\n<script type=\"application\/ld+json\" class=\"yoast-schema-graph\">{\"@context\":\"https:\\\/\\\/schema.org\",\"@graph\":[{\"@type\":\"WebPage\",\"@id\":\"https:\\\/\\\/ehin.no\\\/2023\\\/speakers\\\/anne-bogh-fangel\\\/\",\"url\":\"https:\\\/\\\/ehin.no\\\/2023\\\/speakers\\\/anne-bogh-fangel\\\/\",\"name\":\"Anne B\u00f8gh Fangel - EHIN 2023\",\"isPartOf\":{\"@id\":\"https:\\\/\\\/ehin.no\\\/2023\\\/#website\"},\"primaryImageOfPage\":{\"@id\":\"https:\\\/\\\/ehin.no\\\/2023\\\/speakers\\\/anne-bogh-fangel\\\/#primaryimage\"},\"image\":{\"@id\":\"https:\\\/\\\/ehin.no\\\/2023\\\/speakers\\\/anne-bogh-fangel\\\/#primaryimage\"},\"thumbnailUrl\":\"https:\\\/\\\/ehin.no\\\/2023\\\/wp-content\\\/uploads\\\/sites\\\/5\\\/2023\\\/10\\\/Anne-Bogh-Fangel.jpg\",\"datePublished\":\"2023-10-02T11:20:14+00:00\",\"dateModified\":\"2023-10-02T12:20:54+00:00\",\"breadcrumb\":{\"@id\":\"https:\\\/\\\/ehin.no\\\/2023\\\/speakers\\\/anne-bogh-fangel\\\/#breadcrumb\"},\"inLanguage\":\"nb-NO\",\"potentialAction\":[{\"@type\":\"ReadAction\",\"target\":[\"https:\\\/\\\/ehin.no\\\/2023\\\/speakers\\\/anne-bogh-fangel\\\/\"]}]},{\"@type\":\"ImageObject\",\"inLanguage\":\"nb-NO\",\"@id\":\"https:\\\/\\\/ehin.no\\\/2023\\\/speakers\\\/anne-bogh-fangel\\\/#primaryimage\",\"url\":\"https:\\\/\\\/ehin.no\\\/2023\\\/wp-content\\\/uploads\\\/sites\\\/5\\\/2023\\\/10\\\/Anne-Bogh-Fangel.jpg\",\"contentUrl\":\"https:\\\/\\\/ehin.no\\\/2023\\\/wp-content\\\/uploads\\\/sites\\\/5\\\/2023\\\/10\\\/Anne-Bogh-Fangel.jpg\",\"width\":412,\"height\":412},{\"@type\":\"BreadcrumbList\",\"@id\":\"https:\\\/\\\/ehin.no\\\/2023\\\/speakers\\\/anne-bogh-fangel\\\/#breadcrumb\",\"itemListElement\":[{\"@type\":\"ListItem\",\"position\":1,\"name\":\"Hjem\",\"item\":\"https:\\\/\\\/ehin.no\\\/2023\\\/\"},{\"@type\":\"ListItem\",\"position\":2,\"name\":\"Anne B\u00f8gh Fangel\"}]},{\"@type\":\"WebSite\",\"@id\":\"https:\\\/\\\/ehin.no\\\/2023\\\/#website\",\"url\":\"https:\\\/\\\/ehin.no\\\/2023\\\/\",\"name\":\"EHIN 2023\",\"description\":\"7. og 8. November 2023\",\"publisher\":{\"@id\":\"https:\\\/\\\/ehin.no\\\/2023\\\/#organization\"},\"potentialAction\":[{\"@type\":\"SearchAction\",\"target\":{\"@type\":\"EntryPoint\",\"urlTemplate\":\"https:\\\/\\\/ehin.no\\\/2023\\\/?s={search_term_string}\"},\"query-input\":{\"@type\":\"PropertyValueSpecification\",\"valueRequired\":true,\"valueName\":\"search_term_string\"}}],\"inLanguage\":\"nb-NO\"},{\"@type\":\"Organization\",\"@id\":\"https:\\\/\\\/ehin.no\\\/2023\\\/#organization\",\"name\":\"EHIN\",\"url\":\"https:\\\/\\\/ehin.no\\\/2023\\\/\",\"logo\":{\"@type\":\"ImageObject\",\"inLanguage\":\"nb-NO\",\"@id\":\"https:\\\/\\\/ehin.no\\\/2023\\\/#\\\/schema\\\/logo\\\/image\\\/\",\"url\":\"https:\\\/\\\/ehin.no\\\/2023\\\/wp-content\\\/uploads\\\/sites\\\/5\\\/2023\\\/01\\\/EHiN-2023-logo-mork.png\",\"contentUrl\":\"https:\\\/\\\/ehin.no\\\/2023\\\/wp-content\\\/uploads\\\/sites\\\/5\\\/2023\\\/01\\\/EHiN-2023-logo-mork.png\",\"width\":893,\"height\":292,\"caption\":\"EHIN\"},\"image\":{\"@id\":\"https:\\\/\\\/ehin.no\\\/2023\\\/#\\\/schema\\\/logo\\\/image\\\/\"},\"sameAs\":[\"https:\\\/\\\/www.facebook.com\\\/ehinorge\",\"https:\\\/\\\/x.com\\\/EHelseINorge\",\"https:\\\/\\\/www.linkedin.com\\\/company\\\/ehin-2018\\\/\",\"https:\\\/\\\/www.instagram.com\\\/ehin_norge\\\/\",\"https:\\\/\\\/www.youtube.com\\\/@EHiNorge\"]}]}<\/script>\n<!-- \/ Yoast SEO plugin. -->","yoast_head_json":{"title":"Anne B\u00f8gh Fangel - EHIN 2023","robots":{"index":"index","follow":"follow","max-snippet":"max-snippet:-1","max-image-preview":"max-image-preview:large","max-video-preview":"max-video-preview:-1"},"canonical":"https:\/\/ehin.no\/2023\/speakers\/anne-bogh-fangel\/","og_locale":"nb_NO","og_type":"article","og_title":"Anne B\u00f8gh Fangel - EHIN 2023","og_description":"Anne B\u00f8gh Fangel er User Experience Manager i Omilon, og leder virksomhetens arbeide med brukerinvolvering. Hun har bakgrunn fra tech innovation og har mer enn 20 \u00e5rs erfaring med brukersentrert utvikling og organisatorisk implementering av ny teknologi. En erfaring hun bringer aktivt med i arbeidet er \u00e5 sikre en ansvarlig utvikling av nye AI -l\u00f8sninger. [&hellip;]","og_url":"https:\/\/ehin.no\/2023\/speakers\/anne-bogh-fangel\/","og_site_name":"EHIN 2023","article_publisher":"https:\/\/www.facebook.com\/ehinorge","article_modified_time":"2023-10-02T12:20:54+00:00","og_image":[{"width":412,"height":412,"url":"https:\/\/ehin.no\/2023\/wp-content\/uploads\/sites\/5\/2023\/10\/Anne-Bogh-Fangel.jpg","type":"image\/jpeg"}],"twitter_card":"summary_large_image","twitter_site":"@EHelseINorge","twitter_misc":{"Ansl. lesetid":"1 minutt"},"schema":{"@context":"https:\/\/schema.org","@graph":[{"@type":"WebPage","@id":"https:\/\/ehin.no\/2023\/speakers\/anne-bogh-fangel\/","url":"https:\/\/ehin.no\/2023\/speakers\/anne-bogh-fangel\/","name":"Anne B\u00f8gh Fangel - EHIN 2023","isPartOf":{"@id":"https:\/\/ehin.no\/2023\/#website"},"primaryImageOfPage":{"@id":"https:\/\/ehin.no\/2023\/speakers\/anne-bogh-fangel\/#primaryimage"},"image":{"@id":"https:\/\/ehin.no\/2023\/speakers\/anne-bogh-fangel\/#primaryimage"},"thumbnailUrl":"https:\/\/ehin.no\/2023\/wp-content\/uploads\/sites\/5\/2023\/10\/Anne-Bogh-Fangel.jpg","datePublished":"2023-10-02T11:20:14+00:00","dateModified":"2023-10-02T12:20:54+00:00","breadcrumb":{"@id":"https:\/\/ehin.no\/2023\/speakers\/anne-bogh-fangel\/#breadcrumb"},"inLanguage":"nb-NO","potentialAction":[{"@type":"ReadAction","target":["https:\/\/ehin.no\/2023\/speakers\/anne-bogh-fangel\/"]}]},{"@type":"ImageObject","inLanguage":"nb-NO","@id":"https:\/\/ehin.no\/2023\/speakers\/anne-bogh-fangel\/#primaryimage","url":"https:\/\/ehin.no\/2023\/wp-content\/uploads\/sites\/5\/2023\/10\/Anne-Bogh-Fangel.jpg","contentUrl":"https:\/\/ehin.no\/2023\/wp-content\/uploads\/sites\/5\/2023\/10\/Anne-Bogh-Fangel.jpg","width":412,"height":412},{"@type":"BreadcrumbList","@id":"https:\/\/ehin.no\/2023\/speakers\/anne-bogh-fangel\/#breadcrumb","itemListElement":[{"@type":"ListItem","position":1,"name":"Hjem","item":"https:\/\/ehin.no\/2023\/"},{"@type":"ListItem","position":2,"name":"Anne B\u00f8gh Fangel"}]},{"@type":"WebSite","@id":"https:\/\/ehin.no\/2023\/#website","url":"https:\/\/ehin.no\/2023\/","name":"EHIN 2023","description":"7. og 8. November 2023","publisher":{"@id":"https:\/\/ehin.no\/2023\/#organization"},"potentialAction":[{"@type":"SearchAction","target":{"@type":"EntryPoint","urlTemplate":"https:\/\/ehin.no\/2023\/?s={search_term_string}"},"query-input":{"@type":"PropertyValueSpecification","valueRequired":true,"valueName":"search_term_string"}}],"inLanguage":"nb-NO"},{"@type":"Organization","@id":"https:\/\/ehin.no\/2023\/#organization","name":"EHIN","url":"https:\/\/ehin.no\/2023\/","logo":{"@type":"ImageObject","inLanguage":"nb-NO","@id":"https:\/\/ehin.no\/2023\/#\/schema\/logo\/image\/","url":"https:\/\/ehin.no\/2023\/wp-content\/uploads\/sites\/5\/2023\/01\/EHiN-2023-logo-mork.png","contentUrl":"https:\/\/ehin.no\/2023\/wp-content\/uploads\/sites\/5\/2023\/01\/EHiN-2023-logo-mork.png","width":893,"height":292,"caption":"EHIN"},"image":{"@id":"https:\/\/ehin.no\/2023\/#\/schema\/logo\/image\/"},"sameAs":["https:\/\/www.facebook.com\/ehinorge","https:\/\/x.com\/EHelseINorge","https:\/\/www.linkedin.com\/company\/ehin-2018\/","https:\/\/www.instagram.com\/ehin_norge\/","https:\/\/www.youtube.com\/@EHiNorge"]}]}},"speaker_title":"User Experience Manager, Omilon","_links":{"self":[{"href":"https:\/\/ehin.no\/2023\/wp-json\/wp\/v2\/speaker\/1790","targetHints":{"allow":["GET"]}}],"collection":[{"href":"https:\/\/ehin.no\/2023\/wp-json\/wp\/v2\/speaker"}],"about":[{"href":"https:\/\/ehin.no\/2023\/wp-json\/wp\/v2\/types\/speaker"}],"wp:featuredmedia":[{"embeddable":true,"href":"https:\/\/ehin.no\/2023\/wp-json\/wp\/v2\/media\/1791"}],"wp:attachment":[{"href":"https:\/\/ehin.no\/2023\/wp-json\/wp\/v2\/media?parent=1790"}],"wp:term":[{"taxonomy":"speakertype","embeddable":true,"href":"https:\/\/ehin.no\/2023\/wp-json\/wp\/v2\/speakertype?post=1790"}],"curies":[{"name":"wp","href":"https:\/\/api.w.org\/{rel}","templated":true}]}}

Anne Bøgh Fangel

<p><strong>Anne Bøgh Fangel</strong> er User Experience Manager i Omilon, og leder virksomhetens arbeide med brukerinvolvering. Hun har bakgrunn fra tech innovation og har mer enn 20 års erfaring med brukersentrert utvikling og organisatorisk implementering av ny teknologi.<u></u><u></u></p>
<p>En erfaring hun bringer aktivt med i arbeidet er å sikre en ansvarlig utvikling av nye AI -løsninger. Anne er nylig utpekt som medlem av Nordic Ethical AI Expert Group under Nordic Innovation og er med på å sikre et brukerorientert perspektiv i The National Advisory Panel for Danish Data Science Academy og The National Advisory Board for The Pioneer Centre for Artificial Intelligence.</p>

<p>Anne Bøgh Fangel er User Experience Manager i Omilon, og leder virksomhetens arbeide med brukerinvolvering. Hun har bakgrunn fra tech innovation og har mer enn 20 års erfaring med brukersentrert utvikling og organisatorisk implementering av ny teknologi. En erfaring hun bringer aktivt med i arbeidet er å sikre en ansvarlig utvikling av nye AI -løsninger. [&hellip;]</p>

<!-- This site is optimized with the Yoast SEO plugin v28.2 - https://yoast.com/product/yoast-seo-wordpress/ -->
<title>Anne Bøgh Fangel - EHIN 2023</title>
<meta name="robots" content="index, follow, max-snippet:-1, max-image-preview:large, max-video-preview:-1" />
<link rel="canonical" href="https://ehin.no/2023/speakers/anne-bogh-fangel/" />
<meta property="og:locale" content="nb_NO" />
<meta property="og:type" content="article" />
<meta property="og:title" content="Anne Bøgh Fangel - EHIN 2023" />
<meta property="og:description" content="Anne Bøgh Fangel er User Experience Manager i Omilon, og leder virksomhetens arbeide med brukerinvolvering. Hun har bakgrunn fra tech innovation og har mer enn 20 års erfaring med brukersentrert utvikling og organisatorisk implementering av ny teknologi. En erfaring hun bringer aktivt med i arbeidet er å sikre en ansvarlig utvikling av nye AI -løsninger. [&hellip;]" />
<meta property="og:url" content="https://ehin.no/2023/speakers/anne-bogh-fangel/" />
<meta property="og:site_name" content="EHIN 2023" />
<meta property="article:publisher" content="https://www.facebook.com/ehinorge" />
<meta property="article:modified_time" content="2023-10-02T12:20:54+00:00" />
<meta property="og:image" content="https://ehin.no/2023/wp-content/uploads/sites/5/2023/10/Anne-Bogh-Fangel.jpg" />
	<meta property="og:image:width" content="412" />
	<meta property="og:image:height" content="412" />
	<meta property="og:image:type" content="image/jpeg" />
<meta name="twitter:card" content="summary_large_image" />
<meta name="twitter:site" content="@EHelseINorge" />
<meta name="twitter:label1" content="Ansl. lesetid" />
	<meta name="twitter:data1" content="1 minutt" />
<script type="application/ld+json" class="yoast-schema-graph">{"@context":"https:\/\/schema.org","@graph":[{"@type":"WebPage","@id":"https:\/\/ehin.no\/2023\/speakers\/anne-bogh-fangel\/","url":"https:\/\/ehin.no\/2023\/speakers\/anne-bogh-fangel\/","name":"Anne Bøgh Fangel - EHIN 2023","isPartOf":{"@id":"https:\/\/ehin.no\/2023\/#website"},"primaryImageOfPage":{"@id":"https:\/\/ehin.no\/2023\/speakers\/anne-bogh-fangel\/#primaryimage"},"image":{"@id":"https:\/\/ehin.no\/2023\/speakers\/anne-bogh-fangel\/#primaryimage"},"thumbnailUrl":"https:\/\/ehin.no\/2023\/wp-content\/uploads\/sites\/5\/2023\/10\/Anne-Bogh-Fangel.jpg","datePublished":"2023-10-02T11:20:14+00:00","dateModified":"2023-10-02T12:20:54+00:00","breadcrumb":{"@id":"https:\/\/ehin.no\/2023\/speakers\/anne-bogh-fangel\/#breadcrumb"},"inLanguage":"nb-NO","potentialAction":[{"@type":"ReadAction","target":["https:\/\/ehin.no\/2023\/speakers\/anne-bogh-fangel\/"]}]},{"@type":"ImageObject","inLanguage":"nb-NO","@id":"https:\/\/ehin.no\/2023\/speakers\/anne-bogh-fangel\/#primaryimage","url":"https:\/\/ehin.no\/2023\/wp-content\/uploads\/sites\/5\/2023\/10\/Anne-Bogh-Fangel.jpg","contentUrl":"https:\/\/ehin.no\/2023\/wp-content\/uploads\/sites\/5\/2023\/10\/Anne-Bogh-Fangel.jpg","width":412,"height":412},{"@type":"BreadcrumbList","@id":"https:\/\/ehin.no\/2023\/speakers\/anne-bogh-fangel\/#breadcrumb","itemListElement":[{"@type":"ListItem","position":1,"name":"Hjem","item":"https:\/\/ehin.no\/2023\/"},{"@type":"ListItem","position":2,"name":"Anne Bøgh Fangel"}]},{"@type":"WebSite","@id":"https:\/\/ehin.no\/2023\/#website","url":"https:\/\/ehin.no\/2023\/","name":"EHIN 2023","description":"7. og 8. November 2023","publisher":{"@id":"https:\/\/ehin.no\/2023\/#organization"},"potentialAction":[{"@type":"SearchAction","target":{"@type":"EntryPoint","urlTemplate":"https:\/\/ehin.no\/2023\/?s={search_term_string}"},"query-input":{"@type":"PropertyValueSpecification","valueRequired":true,"valueName":"search_term_string"}}],"inLanguage":"nb-NO"},{"@type":"Organization","@id":"https:\/\/ehin.no\/2023\/#organization","name":"EHIN","url":"https:\/\/ehin.no\/2023\/","logo":{"@type":"ImageObject","inLanguage":"nb-NO","@id":"https:\/\/ehin.no\/2023\/#\/schema\/logo\/image\/","url":"https:\/\/ehin.no\/2023\/wp-content\/uploads\/sites\/5\/2023\/01\/EHiN-2023-logo-mork.png","contentUrl":"https:\/\/ehin.no\/2023\/wp-content\/uploads\/sites\/5\/2023\/01\/EHiN-2023-logo-mork.png","width":893,"height":292,"caption":"EHIN"},"image":{"@id":"https:\/\/ehin.no\/2023\/#\/schema\/logo\/image\/"},"sameAs":["https:\/\/www.facebook.com\/ehinorge","https:\/\/x.com\/EHelseINorge","https:\/\/www.linkedin.com\/company\/ehin-2018\/","https:\/\/www.instagram.com\/ehin_norge\/","https:\/\/www.youtube.com\/@EHiNorge"]}]}</script>
<!-- / Yoast SEO plugin. -->

Anne Bøgh Fangel - EHIN 2023

Anne Bøgh Fangel er User Experience Manager i Omilon, og leder virksomhetens arbeide med brukerinvolvering. Hun har bakgrunn fra tech innovation og har mer enn 20 års erfaring med brukersentrert utvikling og organisatorisk implementering av ny teknologi. En erfaring hun bringer aktivt med i arbeidet er å sikre en ansvarlig utvikling av nye AI -løsninger. [&hellip;]
