{"id":6918,"date":"2025-06-23T16:08:51","date_gmt":"2025-06-23T14:08:51","guid":{"rendered":"https:\/\/ehin.no\/2025\/?post_type=speaker&#038;p=6918"},"modified":"2025-08-18T16:25:57","modified_gmt":"2025-08-18T14:25:57","slug":"anne-karin-rime","status":"publish","type":"speaker","link":"https:\/\/ehin.no\/2025\/speakers\/anne-karin-rime\/","title":{"rendered":"Anne-Karin Rime"},"content":{"rendered":"\n<p>Anne-Karin Rime&nbsp;er president i Den Norske Legeforening. Hun har innehatt stillingen som president i Den norske legeforening siden 2021. Anne-Karin er spesialist innen indremedisin og anestesiologi, besitter en mastergrad i ledelse fra Universitetet i Oslo og har hatt hospiteringsopphold ved Mayoklinikken i USA. Hun har lang erfaring som overlege og har ogs\u00e5 v\u00e6rt tillitsvalgt ved Sykehuset \u00d8stfold Kalnes. Tidligere har Anne-Karin tjenestegjort som styremedlem ved nevnte sykehus og v\u00e6rt leder for Norsk overlegeforening.<\/p>\n\n\n\n<hr class=\"wp-block-separator has-alpha-channel-opacity\"\/>\n\n\n\n<p>Anne-Karin Rime is President of the Norwegian Medical Association. She has held the position since 2021. Anne-Karin is a specialist in internal medicine and anesthesiology, holds a master\u2019s degree in management from the University of Oslo, and has completed a fellowship at the Mayo Clinic in the United States. She has extensive experience as a senior consultant and has also served as a union representative at \u00d8stfold Hospital Kalnes. Previously, Anne-Karin was a board member at the same hospital and chaired the Norwegian Association of Senior Hospital Physicians.<\/p>\n","protected":false},"excerpt":{"rendered":"<p>Anne-Karin Rime&nbsp;er president i Den Norske Legeforening. Hun har innehatt stillingen som president i Den norske legeforening siden 2021. Anne-Karin er spesialist innen indremedisin og anestesiologi, besitter en mastergrad i ledelse fra Universitetet i Oslo og har hatt hospiteringsopphold ved Mayoklinikken i USA. Hun har lang erfaring som overlege og har ogs\u00e5 v\u00e6rt tillitsvalgt ved [&hellip;]<\/p>\n","protected":false},"featured_media":6919,"template":"","speakertype":[],"class_list":["post-6918","speaker","type-speaker","status-publish","has-post-thumbnail","hentry"],"acf":[],"yoast_head":"<!-- This site is optimized with the Yoast SEO plugin v26.1.1 - https:\/\/yoast.com\/wordpress\/plugins\/seo\/ -->\n<title>Anne-Karin Rime - EHIN 2025<\/title>\n<meta name=\"robots\" content=\"index, follow, max-snippet:-1, max-image-preview:large, max-video-preview:-1\" \/>\n<link rel=\"canonical\" href=\"https:\/\/ehin.no\/2025\/speakers\/anne-karin-rime\/\" \/>\n<meta property=\"og:locale\" content=\"nb_NO\" \/>\n<meta property=\"og:type\" content=\"article\" \/>\n<meta property=\"og:title\" content=\"Anne-Karin Rime - EHIN 2025\" \/>\n<meta property=\"og:description\" content=\"Anne-Karin Rime&nbsp;er president i Den Norske Legeforening. Hun har innehatt stillingen som president i Den norske legeforening siden 2021. Anne-Karin er spesialist innen indremedisin og anestesiologi, besitter en mastergrad i ledelse fra Universitetet i Oslo og har hatt hospiteringsopphold ved Mayoklinikken i USA. Hun har lang erfaring som overlege og har ogs\u00e5 v\u00e6rt tillitsvalgt ved [&hellip;]\" \/>\n<meta property=\"og:url\" content=\"https:\/\/ehin.no\/2025\/speakers\/anne-karin-rime\/\" \/>\n<meta property=\"og:site_name\" content=\"EHIN 2025\" \/>\n<meta property=\"article:modified_time\" content=\"2025-08-18T14:25:57+00:00\" \/>\n<meta property=\"og:image\" content=\"https:\/\/ehin.no\/2025\/wp-content\/uploads\/sites\/9\/2025\/06\/Anne-Karin-Rime.jpg\" \/>\n\t<meta property=\"og:image:width\" content=\"500\" \/>\n\t<meta property=\"og:image:height\" content=\"500\" \/>\n\t<meta property=\"og:image:type\" content=\"image\/jpeg\" \/>\n<meta name=\"twitter:card\" content=\"summary_large_image\" \/>\n<meta name=\"twitter:label1\" content=\"Ansl. lesetid\" \/>\n\t<meta name=\"twitter:data1\" content=\"1 minutt\" \/>\n<script type=\"application\/ld+json\" class=\"yoast-schema-graph\">{\"@context\":\"https:\/\/schema.org\",\"@graph\":[{\"@type\":\"WebPage\",\"@id\":\"https:\/\/ehin.no\/2025\/speakers\/anne-karin-rime\/\",\"url\":\"https:\/\/ehin.no\/2025\/speakers\/anne-karin-rime\/\",\"name\":\"Anne-Karin Rime - EHIN 2025\",\"isPartOf\":{\"@id\":\"https:\/\/ehin.no\/2025\/#website\"},\"primaryImageOfPage\":{\"@id\":\"https:\/\/ehin.no\/2025\/speakers\/anne-karin-rime\/#primaryimage\"},\"image\":{\"@id\":\"https:\/\/ehin.no\/2025\/speakers\/anne-karin-rime\/#primaryimage\"},\"thumbnailUrl\":\"https:\/\/ehin.no\/2025\/wp-content\/uploads\/sites\/9\/2025\/06\/Anne-Karin-Rime.jpg\",\"datePublished\":\"2025-06-23T14:08:51+00:00\",\"dateModified\":\"2025-08-18T14:25:57+00:00\",\"breadcrumb\":{\"@id\":\"https:\/\/ehin.no\/2025\/speakers\/anne-karin-rime\/#breadcrumb\"},\"inLanguage\":\"nb-NO\",\"potentialAction\":[{\"@type\":\"ReadAction\",\"target\":[\"https:\/\/ehin.no\/2025\/speakers\/anne-karin-rime\/\"]}]},{\"@type\":\"ImageObject\",\"inLanguage\":\"nb-NO\",\"@id\":\"https:\/\/ehin.no\/2025\/speakers\/anne-karin-rime\/#primaryimage\",\"url\":\"https:\/\/ehin.no\/2025\/wp-content\/uploads\/sites\/9\/2025\/06\/Anne-Karin-Rime.jpg\",\"contentUrl\":\"https:\/\/ehin.no\/2025\/wp-content\/uploads\/sites\/9\/2025\/06\/Anne-Karin-Rime.jpg\",\"width\":500,\"height\":500},{\"@type\":\"BreadcrumbList\",\"@id\":\"https:\/\/ehin.no\/2025\/speakers\/anne-karin-rime\/#breadcrumb\",\"itemListElement\":[{\"@type\":\"ListItem\",\"position\":1,\"name\":\"Hjem\",\"item\":\"https:\/\/ehin.no\/2025\/\"},{\"@type\":\"ListItem\",\"position\":2,\"name\":\"Anne-Karin Rime\"}]},{\"@type\":\"WebSite\",\"@id\":\"https:\/\/ehin.no\/2025\/#website\",\"url\":\"https:\/\/ehin.no\/2025\/\",\"name\":\"EHIN 2025\",\"description\":\"\",\"potentialAction\":[{\"@type\":\"SearchAction\",\"target\":{\"@type\":\"EntryPoint\",\"urlTemplate\":\"https:\/\/ehin.no\/2025\/?s={search_term_string}\"},\"query-input\":{\"@type\":\"PropertyValueSpecification\",\"valueRequired\":true,\"valueName\":\"search_term_string\"}}],\"inLanguage\":\"nb-NO\"}]}<\/script>\n<!-- \/ Yoast SEO plugin. -->","yoast_head_json":{"title":"Anne-Karin Rime - EHIN 2025","robots":{"index":"index","follow":"follow","max-snippet":"max-snippet:-1","max-image-preview":"max-image-preview:large","max-video-preview":"max-video-preview:-1"},"canonical":"https:\/\/ehin.no\/2025\/speakers\/anne-karin-rime\/","og_locale":"nb_NO","og_type":"article","og_title":"Anne-Karin Rime - EHIN 2025","og_description":"Anne-Karin Rime&nbsp;er president i Den Norske Legeforening. Hun har innehatt stillingen som president i Den norske legeforening siden 2021. Anne-Karin er spesialist innen indremedisin og anestesiologi, besitter en mastergrad i ledelse fra Universitetet i Oslo og har hatt hospiteringsopphold ved Mayoklinikken i USA. Hun har lang erfaring som overlege og har ogs\u00e5 v\u00e6rt tillitsvalgt ved [&hellip;]","og_url":"https:\/\/ehin.no\/2025\/speakers\/anne-karin-rime\/","og_site_name":"EHIN 2025","article_modified_time":"2025-08-18T14:25:57+00:00","og_image":[{"width":500,"height":500,"url":"https:\/\/ehin.no\/2025\/wp-content\/uploads\/sites\/9\/2025\/06\/Anne-Karin-Rime.jpg","type":"image\/jpeg"}],"twitter_card":"summary_large_image","twitter_misc":{"Ansl. lesetid":"1 minutt"},"schema":{"@context":"https:\/\/schema.org","@graph":[{"@type":"WebPage","@id":"https:\/\/ehin.no\/2025\/speakers\/anne-karin-rime\/","url":"https:\/\/ehin.no\/2025\/speakers\/anne-karin-rime\/","name":"Anne-Karin Rime - EHIN 2025","isPartOf":{"@id":"https:\/\/ehin.no\/2025\/#website"},"primaryImageOfPage":{"@id":"https:\/\/ehin.no\/2025\/speakers\/anne-karin-rime\/#primaryimage"},"image":{"@id":"https:\/\/ehin.no\/2025\/speakers\/anne-karin-rime\/#primaryimage"},"thumbnailUrl":"https:\/\/ehin.no\/2025\/wp-content\/uploads\/sites\/9\/2025\/06\/Anne-Karin-Rime.jpg","datePublished":"2025-06-23T14:08:51+00:00","dateModified":"2025-08-18T14:25:57+00:00","breadcrumb":{"@id":"https:\/\/ehin.no\/2025\/speakers\/anne-karin-rime\/#breadcrumb"},"inLanguage":"nb-NO","potentialAction":[{"@type":"ReadAction","target":["https:\/\/ehin.no\/2025\/speakers\/anne-karin-rime\/"]}]},{"@type":"ImageObject","inLanguage":"nb-NO","@id":"https:\/\/ehin.no\/2025\/speakers\/anne-karin-rime\/#primaryimage","url":"https:\/\/ehin.no\/2025\/wp-content\/uploads\/sites\/9\/2025\/06\/Anne-Karin-Rime.jpg","contentUrl":"https:\/\/ehin.no\/2025\/wp-content\/uploads\/sites\/9\/2025\/06\/Anne-Karin-Rime.jpg","width":500,"height":500},{"@type":"BreadcrumbList","@id":"https:\/\/ehin.no\/2025\/speakers\/anne-karin-rime\/#breadcrumb","itemListElement":[{"@type":"ListItem","position":1,"name":"Hjem","item":"https:\/\/ehin.no\/2025\/"},{"@type":"ListItem","position":2,"name":"Anne-Karin Rime"}]},{"@type":"WebSite","@id":"https:\/\/ehin.no\/2025\/#website","url":"https:\/\/ehin.no\/2025\/","name":"EHIN 2025","description":"","potentialAction":[{"@type":"SearchAction","target":{"@type":"EntryPoint","urlTemplate":"https:\/\/ehin.no\/2025\/?s={search_term_string}"},"query-input":{"@type":"PropertyValueSpecification","valueRequired":true,"valueName":"search_term_string"}}],"inLanguage":"nb-NO"}]}},"speaker_title":"President, Den Norske Legeforening","_links":{"self":[{"href":"https:\/\/ehin.no\/2025\/wp-json\/wp\/v2\/speaker\/6918","targetHints":{"allow":["GET","POST","PUT","PATCH","DELETE"]}}],"collection":[{"href":"https:\/\/ehin.no\/2025\/wp-json\/wp\/v2\/speaker"}],"about":[{"href":"https:\/\/ehin.no\/2025\/wp-json\/wp\/v2\/types\/speaker"}],"wp:featuredmedia":[{"embeddable":true,"href":"https:\/\/ehin.no\/2025\/wp-json\/wp\/v2\/media\/6919"}],"wp:attachment":[{"href":"https:\/\/ehin.no\/2025\/wp-json\/wp\/v2\/media?parent=6918"}],"wp:term":[{"taxonomy":"speakertype","embeddable":true,"href":"https:\/\/ehin.no\/2025\/wp-json\/wp\/v2\/speakertype?post=6918"}],"curies":[{"name":"wp","href":"https:\/\/api.w.org\/{rel}","templated":true}]}}

<p>Anne-Karin Rime&nbsp;er president i Den Norske Legeforening. Hun har innehatt stillingen som president i Den norske legeforening siden 2021. Anne-Karin er spesialist innen indremedisin og anestesiologi, besitter en mastergrad i ledelse fra Universitetet i Oslo og har hatt hospiteringsopphold ved Mayoklinikken i USA. Hun har lang erfaring som overlege og har også vært tillitsvalgt ved Sykehuset Østfold Kalnes. Tidligere har Anne-Karin tjenestegjort som styremedlem ved nevnte sykehus og vært leder for Norsk overlegeforening.</p>



<hr class="wp-block-separator has-alpha-channel-opacity"/>



<p>Anne-Karin Rime is President of the Norwegian Medical Association. She has held the position since 2021. Anne-Karin is a specialist in internal medicine and anesthesiology, holds a master’s degree in management from the University of Oslo, and has completed a fellowship at the Mayo Clinic in the United States. She has extensive experience as a senior consultant and has also served as a union representative at Østfold Hospital Kalnes. Previously, Anne-Karin was a board member at the same hospital and chaired the Norwegian Association of Senior Hospital Physicians.</p>

<p>Anne-Karin Rime&nbsp;er president i Den Norske Legeforening. Hun har innehatt stillingen som president i Den norske legeforening siden 2021. Anne-Karin er spesialist innen indremedisin og anestesiologi, besitter en mastergrad i ledelse fra Universitetet i Oslo og har hatt hospiteringsopphold ved Mayoklinikken i USA. Hun har lang erfaring som overlege og har også vært tillitsvalgt ved [&hellip;]</p>

<!-- This site is optimized with the Yoast SEO plugin v26.1.1 - https://yoast.com/wordpress/plugins/seo/ -->
<title>Anne-Karin Rime - EHIN 2025</title>
<meta name="robots" content="index, follow, max-snippet:-1, max-image-preview:large, max-video-preview:-1" />
<link rel="canonical" href="https://ehin.no/2025/speakers/anne-karin-rime/" />
<meta property="og:locale" content="nb_NO" />
<meta property="og:type" content="article" />
<meta property="og:title" content="Anne-Karin Rime - EHIN 2025" />
<meta property="og:description" content="Anne-Karin Rime&nbsp;er president i Den Norske Legeforening. Hun har innehatt stillingen som president i Den norske legeforening siden 2021. Anne-Karin er spesialist innen indremedisin og anestesiologi, besitter en mastergrad i ledelse fra Universitetet i Oslo og har hatt hospiteringsopphold ved Mayoklinikken i USA. Hun har lang erfaring som overlege og har også vært tillitsvalgt ved [&hellip;]" />
<meta property="og:url" content="https://ehin.no/2025/speakers/anne-karin-rime/" />
<meta property="og:site_name" content="EHIN 2025" />
<meta property="article:modified_time" content="2025-08-18T14:25:57+00:00" />
<meta property="og:image" content="https://ehin.no/2025/wp-content/uploads/sites/9/2025/06/Anne-Karin-Rime.jpg" />
	<meta property="og:image:width" content="500" />
	<meta property="og:image:height" content="500" />
	<meta property="og:image:type" content="image/jpeg" />
<meta name="twitter:card" content="summary_large_image" />
<meta name="twitter:label1" content="Ansl. lesetid" />
	<meta name="twitter:data1" content="1 minutt" />
<script type="application/ld+json" class="yoast-schema-graph">{"@context":"https://schema.org","@graph":[{"@type":"WebPage","@id":"https://ehin.no/2025/speakers/anne-karin-rime/","url":"https://ehin.no/2025/speakers/anne-karin-rime/","name":"Anne-Karin Rime - EHIN 2025","isPartOf":{"@id":"https://ehin.no/2025/#website"},"primaryImageOfPage":{"@id":"https://ehin.no/2025/speakers/anne-karin-rime/#primaryimage"},"image":{"@id":"https://ehin.no/2025/speakers/anne-karin-rime/#primaryimage"},"thumbnailUrl":"https://ehin.no/2025/wp-content/uploads/sites/9/2025/06/Anne-Karin-Rime.jpg","datePublished":"2025-06-23T14:08:51+00:00","dateModified":"2025-08-18T14:25:57+00:00","breadcrumb":{"@id":"https://ehin.no/2025/speakers/anne-karin-rime/#breadcrumb"},"inLanguage":"nb-NO","potentialAction":[{"@type":"ReadAction","target":["https://ehin.no/2025/speakers/anne-karin-rime/"]}]},{"@type":"ImageObject","inLanguage":"nb-NO","@id":"https://ehin.no/2025/speakers/anne-karin-rime/#primaryimage","url":"https://ehin.no/2025/wp-content/uploads/sites/9/2025/06/Anne-Karin-Rime.jpg","contentUrl":"https://ehin.no/2025/wp-content/uploads/sites/9/2025/06/Anne-Karin-Rime.jpg","width":500,"height":500},{"@type":"BreadcrumbList","@id":"https://ehin.no/2025/speakers/anne-karin-rime/#breadcrumb","itemListElement":[{"@type":"ListItem","position":1,"name":"Hjem","item":"https://ehin.no/2025/"},{"@type":"ListItem","position":2,"name":"Anne-Karin Rime"}]},{"@type":"WebSite","@id":"https://ehin.no/2025/#website","url":"https://ehin.no/2025/","name":"EHIN 2025","description":"","potentialAction":[{"@type":"SearchAction","target":{"@type":"EntryPoint","urlTemplate":"https://ehin.no/2025/?s={search_term_string}"},"query-input":{"@type":"PropertyValueSpecification","valueRequired":true,"valueName":"search_term_string"}}],"inLanguage":"nb-NO"}]}</script>
<!-- / Yoast SEO plugin. -->

Anne-Karin Rime&nbsp;er president i Den Norske Legeforening. Hun har innehatt stillingen som president i Den norske legeforening siden 2021. Anne-Karin er spesialist innen indremedisin og anestesiologi, besitter en mastergrad i ledelse fra Universitetet i Oslo og har hatt hospiteringsopphold ved Mayoklinikken i USA. Hun har lang erfaring som overlege og har også vært tillitsvalgt ved [&hellip;]
