{"id":7417,"date":"2025-09-09T18:43:03","date_gmt":"2025-09-09T16:43:03","guid":{"rendered":"https:\/\/ehin.no\/2025\/?post_type=speaker&#038;p=7417"},"modified":"2025-09-09T18:43:05","modified_gmt":"2025-09-09T16:43:05","slug":"sigrid-petersson-nedkvitne","status":"publish","type":"speaker","link":"https:\/\/ehin.no\/2025\/speakers\/sigrid-petersson-nedkvitne\/","title":{"rendered":"Sigrid Petersson Nedkvitne"},"content":{"rendered":"\n<p>Sigrid Petersson Nedkvitne er gr\u00fcnderen av friskus.com. Blant annet er hun to \u00e5r p\u00e5 rad k\u00e5ret til en av Norges 50 fremste teknologikvinner. Hun er utdannet barnevernvernspedagog, og har satt sin masterutdannelse i helse- og velferdsledelse p\u00e5 vent for \u00e5 jobbe som daglig leder i Friskus. Sigrid er en sosial entrepren\u00f8r med 10 \u00e5rs ledererfaring fra offentlig sektor, og har startet prosjekter for frivillige\/ideelle organisasjoner.<\/p>\n","protected":false},"excerpt":{"rendered":"<p>Sigrid Petersson Nedkvitne er gr\u00fcnderen av friskus.com. Blant annet er hun to \u00e5r p\u00e5 rad k\u00e5ret til en av Norges 50 fremste teknologikvinner. Hun er utdannet barnevernvernspedagog, og har satt sin masterutdannelse i helse- og velferdsledelse p\u00e5 vent for \u00e5 jobbe som daglig leder i Friskus. Sigrid er en sosial entrepren\u00f8r med 10 \u00e5rs ledererfaring [&hellip;]<\/p>\n","protected":false},"featured_media":7418,"template":"","speakertype":[],"class_list":["post-7417","speaker","type-speaker","status-publish","has-post-thumbnail","hentry"],"acf":[],"yoast_head":"<!-- This site is optimized with the Yoast SEO plugin v26.1.1 - https:\/\/yoast.com\/wordpress\/plugins\/seo\/ -->\n<title>Sigrid Petersson Nedkvitne - EHIN 2025<\/title>\n<meta name=\"robots\" content=\"index, follow, max-snippet:-1, max-image-preview:large, max-video-preview:-1\" \/>\n<link rel=\"canonical\" href=\"https:\/\/ehin.no\/2025\/speakers\/sigrid-petersson-nedkvitne\/\" \/>\n<meta property=\"og:locale\" content=\"nb_NO\" \/>\n<meta property=\"og:type\" content=\"article\" \/>\n<meta property=\"og:title\" content=\"Sigrid Petersson Nedkvitne - EHIN 2025\" \/>\n<meta property=\"og:description\" content=\"Sigrid Petersson Nedkvitne er gr\u00fcnderen av friskus.com. Blant annet er hun to \u00e5r p\u00e5 rad k\u00e5ret til en av Norges 50 fremste teknologikvinner. Hun er utdannet barnevernvernspedagog, og har satt sin masterutdannelse i helse- og velferdsledelse p\u00e5 vent for \u00e5 jobbe som daglig leder i Friskus. Sigrid er en sosial entrepren\u00f8r med 10 \u00e5rs ledererfaring [&hellip;]\" \/>\n<meta property=\"og:url\" content=\"https:\/\/ehin.no\/2025\/speakers\/sigrid-petersson-nedkvitne\/\" \/>\n<meta property=\"og:site_name\" content=\"EHIN 2025\" \/>\n<meta property=\"article:modified_time\" content=\"2025-09-09T16:43:05+00:00\" \/>\n<meta property=\"og:image\" content=\"https:\/\/ehin.no\/2025\/wp-content\/uploads\/sites\/9\/2025\/09\/Sigrid-Petersson-Nedkvitne.jpg\" \/>\n\t<meta property=\"og:image:width\" content=\"700\" \/>\n\t<meta property=\"og:image:height\" content=\"700\" \/>\n\t<meta property=\"og:image:type\" content=\"image\/jpeg\" \/>\n<meta name=\"twitter:card\" content=\"summary_large_image\" \/>\n<meta name=\"twitter:label1\" content=\"Ansl. lesetid\" \/>\n\t<meta name=\"twitter:data1\" content=\"1 minutt\" \/>\n<script type=\"application\/ld+json\" class=\"yoast-schema-graph\">{\"@context\":\"https:\/\/schema.org\",\"@graph\":[{\"@type\":\"WebPage\",\"@id\":\"https:\/\/ehin.no\/2025\/speakers\/sigrid-petersson-nedkvitne\/\",\"url\":\"https:\/\/ehin.no\/2025\/speakers\/sigrid-petersson-nedkvitne\/\",\"name\":\"Sigrid Petersson Nedkvitne - EHIN 2025\",\"isPartOf\":{\"@id\":\"https:\/\/ehin.no\/2025\/#website\"},\"primaryImageOfPage\":{\"@id\":\"https:\/\/ehin.no\/2025\/speakers\/sigrid-petersson-nedkvitne\/#primaryimage\"},\"image\":{\"@id\":\"https:\/\/ehin.no\/2025\/speakers\/sigrid-petersson-nedkvitne\/#primaryimage\"},\"thumbnailUrl\":\"https:\/\/ehin.no\/2025\/wp-content\/uploads\/sites\/9\/2025\/09\/Sigrid-Petersson-Nedkvitne.jpg\",\"datePublished\":\"2025-09-09T16:43:03+00:00\",\"dateModified\":\"2025-09-09T16:43:05+00:00\",\"breadcrumb\":{\"@id\":\"https:\/\/ehin.no\/2025\/speakers\/sigrid-petersson-nedkvitne\/#breadcrumb\"},\"inLanguage\":\"nb-NO\",\"potentialAction\":[{\"@type\":\"ReadAction\",\"target\":[\"https:\/\/ehin.no\/2025\/speakers\/sigrid-petersson-nedkvitne\/\"]}]},{\"@type\":\"ImageObject\",\"inLanguage\":\"nb-NO\",\"@id\":\"https:\/\/ehin.no\/2025\/speakers\/sigrid-petersson-nedkvitne\/#primaryimage\",\"url\":\"https:\/\/ehin.no\/2025\/wp-content\/uploads\/sites\/9\/2025\/09\/Sigrid-Petersson-Nedkvitne.jpg\",\"contentUrl\":\"https:\/\/ehin.no\/2025\/wp-content\/uploads\/sites\/9\/2025\/09\/Sigrid-Petersson-Nedkvitne.jpg\",\"width\":700,\"height\":700},{\"@type\":\"BreadcrumbList\",\"@id\":\"https:\/\/ehin.no\/2025\/speakers\/sigrid-petersson-nedkvitne\/#breadcrumb\",\"itemListElement\":[{\"@type\":\"ListItem\",\"position\":1,\"name\":\"Hjem\",\"item\":\"https:\/\/ehin.no\/2025\/\"},{\"@type\":\"ListItem\",\"position\":2,\"name\":\"Sigrid Petersson Nedkvitne\"}]},{\"@type\":\"WebSite\",\"@id\":\"https:\/\/ehin.no\/2025\/#website\",\"url\":\"https:\/\/ehin.no\/2025\/\",\"name\":\"EHIN 2025\",\"description\":\"\",\"potentialAction\":[{\"@type\":\"SearchAction\",\"target\":{\"@type\":\"EntryPoint\",\"urlTemplate\":\"https:\/\/ehin.no\/2025\/?s={search_term_string}\"},\"query-input\":{\"@type\":\"PropertyValueSpecification\",\"valueRequired\":true,\"valueName\":\"search_term_string\"}}],\"inLanguage\":\"nb-NO\"}]}<\/script>\n<!-- \/ Yoast SEO plugin. -->","yoast_head_json":{"title":"Sigrid Petersson Nedkvitne - EHIN 2025","robots":{"index":"index","follow":"follow","max-snippet":"max-snippet:-1","max-image-preview":"max-image-preview:large","max-video-preview":"max-video-preview:-1"},"canonical":"https:\/\/ehin.no\/2025\/speakers\/sigrid-petersson-nedkvitne\/","og_locale":"nb_NO","og_type":"article","og_title":"Sigrid Petersson Nedkvitne - EHIN 2025","og_description":"Sigrid Petersson Nedkvitne er gr\u00fcnderen av friskus.com. Blant annet er hun to \u00e5r p\u00e5 rad k\u00e5ret til en av Norges 50 fremste teknologikvinner. Hun er utdannet barnevernvernspedagog, og har satt sin masterutdannelse i helse- og velferdsledelse p\u00e5 vent for \u00e5 jobbe som daglig leder i Friskus. Sigrid er en sosial entrepren\u00f8r med 10 \u00e5rs ledererfaring [&hellip;]","og_url":"https:\/\/ehin.no\/2025\/speakers\/sigrid-petersson-nedkvitne\/","og_site_name":"EHIN 2025","article_modified_time":"2025-09-09T16:43:05+00:00","og_image":[{"width":700,"height":700,"url":"https:\/\/ehin.no\/2025\/wp-content\/uploads\/sites\/9\/2025\/09\/Sigrid-Petersson-Nedkvitne.jpg","type":"image\/jpeg"}],"twitter_card":"summary_large_image","twitter_misc":{"Ansl. lesetid":"1 minutt"},"schema":{"@context":"https:\/\/schema.org","@graph":[{"@type":"WebPage","@id":"https:\/\/ehin.no\/2025\/speakers\/sigrid-petersson-nedkvitne\/","url":"https:\/\/ehin.no\/2025\/speakers\/sigrid-petersson-nedkvitne\/","name":"Sigrid Petersson Nedkvitne - EHIN 2025","isPartOf":{"@id":"https:\/\/ehin.no\/2025\/#website"},"primaryImageOfPage":{"@id":"https:\/\/ehin.no\/2025\/speakers\/sigrid-petersson-nedkvitne\/#primaryimage"},"image":{"@id":"https:\/\/ehin.no\/2025\/speakers\/sigrid-petersson-nedkvitne\/#primaryimage"},"thumbnailUrl":"https:\/\/ehin.no\/2025\/wp-content\/uploads\/sites\/9\/2025\/09\/Sigrid-Petersson-Nedkvitne.jpg","datePublished":"2025-09-09T16:43:03+00:00","dateModified":"2025-09-09T16:43:05+00:00","breadcrumb":{"@id":"https:\/\/ehin.no\/2025\/speakers\/sigrid-petersson-nedkvitne\/#breadcrumb"},"inLanguage":"nb-NO","potentialAction":[{"@type":"ReadAction","target":["https:\/\/ehin.no\/2025\/speakers\/sigrid-petersson-nedkvitne\/"]}]},{"@type":"ImageObject","inLanguage":"nb-NO","@id":"https:\/\/ehin.no\/2025\/speakers\/sigrid-petersson-nedkvitne\/#primaryimage","url":"https:\/\/ehin.no\/2025\/wp-content\/uploads\/sites\/9\/2025\/09\/Sigrid-Petersson-Nedkvitne.jpg","contentUrl":"https:\/\/ehin.no\/2025\/wp-content\/uploads\/sites\/9\/2025\/09\/Sigrid-Petersson-Nedkvitne.jpg","width":700,"height":700},{"@type":"BreadcrumbList","@id":"https:\/\/ehin.no\/2025\/speakers\/sigrid-petersson-nedkvitne\/#breadcrumb","itemListElement":[{"@type":"ListItem","position":1,"name":"Hjem","item":"https:\/\/ehin.no\/2025\/"},{"@type":"ListItem","position":2,"name":"Sigrid Petersson Nedkvitne"}]},{"@type":"WebSite","@id":"https:\/\/ehin.no\/2025\/#website","url":"https:\/\/ehin.no\/2025\/","name":"EHIN 2025","description":"","potentialAction":[{"@type":"SearchAction","target":{"@type":"EntryPoint","urlTemplate":"https:\/\/ehin.no\/2025\/?s={search_term_string}"},"query-input":{"@type":"PropertyValueSpecification","valueRequired":true,"valueName":"search_term_string"}}],"inLanguage":"nb-NO"}]}},"speaker_title":"Gr\u00fcnder og daglig leder, Friskus","_links":{"self":[{"href":"https:\/\/ehin.no\/2025\/wp-json\/wp\/v2\/speaker\/7417","targetHints":{"allow":["GET","POST","PUT","PATCH","DELETE"]}}],"collection":[{"href":"https:\/\/ehin.no\/2025\/wp-json\/wp\/v2\/speaker"}],"about":[{"href":"https:\/\/ehin.no\/2025\/wp-json\/wp\/v2\/types\/speaker"}],"wp:featuredmedia":[{"embeddable":true,"href":"https:\/\/ehin.no\/2025\/wp-json\/wp\/v2\/media\/7418"}],"wp:attachment":[{"href":"https:\/\/ehin.no\/2025\/wp-json\/wp\/v2\/media?parent=7417"}],"wp:term":[{"taxonomy":"speakertype","embeddable":true,"href":"https:\/\/ehin.no\/2025\/wp-json\/wp\/v2\/speakertype?post=7417"}],"curies":[{"name":"wp","href":"https:\/\/api.w.org\/{rel}","templated":true}]}}

<p>Sigrid Petersson Nedkvitne er gründeren av friskus.com. Blant annet er hun to år på rad kåret til en av Norges 50 fremste teknologikvinner. Hun er utdannet barnevernvernspedagog, og har satt sin masterutdannelse i helse- og velferdsledelse på vent for å jobbe som daglig leder i Friskus. Sigrid er en sosial entreprenør med 10 års ledererfaring fra offentlig sektor, og har startet prosjekter for frivillige/ideelle organisasjoner.</p>

<p>Sigrid Petersson Nedkvitne er gründeren av friskus.com. Blant annet er hun to år på rad kåret til en av Norges 50 fremste teknologikvinner. Hun er utdannet barnevernvernspedagog, og har satt sin masterutdannelse i helse- og velferdsledelse på vent for å jobbe som daglig leder i Friskus. Sigrid er en sosial entreprenør med 10 års ledererfaring [&hellip;]</p>

<!-- This site is optimized with the Yoast SEO plugin v26.1.1 - https://yoast.com/wordpress/plugins/seo/ -->
<title>Sigrid Petersson Nedkvitne - EHIN 2025</title>
<meta name="robots" content="index, follow, max-snippet:-1, max-image-preview:large, max-video-preview:-1" />
<link rel="canonical" href="https://ehin.no/2025/speakers/sigrid-petersson-nedkvitne/" />
<meta property="og:locale" content="nb_NO" />
<meta property="og:type" content="article" />
<meta property="og:title" content="Sigrid Petersson Nedkvitne - EHIN 2025" />
<meta property="og:description" content="Sigrid Petersson Nedkvitne er gründeren av friskus.com. Blant annet er hun to år på rad kåret til en av Norges 50 fremste teknologikvinner. Hun er utdannet barnevernvernspedagog, og har satt sin masterutdannelse i helse- og velferdsledelse på vent for å jobbe som daglig leder i Friskus. Sigrid er en sosial entreprenør med 10 års ledererfaring [&hellip;]" />
<meta property="og:url" content="https://ehin.no/2025/speakers/sigrid-petersson-nedkvitne/" />
<meta property="og:site_name" content="EHIN 2025" />
<meta property="article:modified_time" content="2025-09-09T16:43:05+00:00" />
<meta property="og:image" content="https://ehin.no/2025/wp-content/uploads/sites/9/2025/09/Sigrid-Petersson-Nedkvitne.jpg" />
	<meta property="og:image:width" content="700" />
	<meta property="og:image:height" content="700" />
	<meta property="og:image:type" content="image/jpeg" />
<meta name="twitter:card" content="summary_large_image" />
<meta name="twitter:label1" content="Ansl. lesetid" />
	<meta name="twitter:data1" content="1 minutt" />
<script type="application/ld+json" class="yoast-schema-graph">{"@context":"https://schema.org","@graph":[{"@type":"WebPage","@id":"https://ehin.no/2025/speakers/sigrid-petersson-nedkvitne/","url":"https://ehin.no/2025/speakers/sigrid-petersson-nedkvitne/","name":"Sigrid Petersson Nedkvitne - EHIN 2025","isPartOf":{"@id":"https://ehin.no/2025/#website"},"primaryImageOfPage":{"@id":"https://ehin.no/2025/speakers/sigrid-petersson-nedkvitne/#primaryimage"},"image":{"@id":"https://ehin.no/2025/speakers/sigrid-petersson-nedkvitne/#primaryimage"},"thumbnailUrl":"https://ehin.no/2025/wp-content/uploads/sites/9/2025/09/Sigrid-Petersson-Nedkvitne.jpg","datePublished":"2025-09-09T16:43:03+00:00","dateModified":"2025-09-09T16:43:05+00:00","breadcrumb":{"@id":"https://ehin.no/2025/speakers/sigrid-petersson-nedkvitne/#breadcrumb"},"inLanguage":"nb-NO","potentialAction":[{"@type":"ReadAction","target":["https://ehin.no/2025/speakers/sigrid-petersson-nedkvitne/"]}]},{"@type":"ImageObject","inLanguage":"nb-NO","@id":"https://ehin.no/2025/speakers/sigrid-petersson-nedkvitne/#primaryimage","url":"https://ehin.no/2025/wp-content/uploads/sites/9/2025/09/Sigrid-Petersson-Nedkvitne.jpg","contentUrl":"https://ehin.no/2025/wp-content/uploads/sites/9/2025/09/Sigrid-Petersson-Nedkvitne.jpg","width":700,"height":700},{"@type":"BreadcrumbList","@id":"https://ehin.no/2025/speakers/sigrid-petersson-nedkvitne/#breadcrumb","itemListElement":[{"@type":"ListItem","position":1,"name":"Hjem","item":"https://ehin.no/2025/"},{"@type":"ListItem","position":2,"name":"Sigrid Petersson Nedkvitne"}]},{"@type":"WebSite","@id":"https://ehin.no/2025/#website","url":"https://ehin.no/2025/","name":"EHIN 2025","description":"","potentialAction":[{"@type":"SearchAction","target":{"@type":"EntryPoint","urlTemplate":"https://ehin.no/2025/?s={search_term_string}"},"query-input":{"@type":"PropertyValueSpecification","valueRequired":true,"valueName":"search_term_string"}}],"inLanguage":"nb-NO"}]}</script>
<!-- / Yoast SEO plugin. -->

Sigrid Petersson Nedkvitne er gründeren av friskus.com. Blant annet er hun to år på rad kåret til en av Norges 50 fremste teknologikvinner. Hun er utdannet barnevernvernspedagog, og har satt sin masterutdannelse i helse- og velferdsledelse på vent for å jobbe som daglig leder i Friskus. Sigrid er en sosial entreprenør med 10 års ledererfaring [&hellip;]

Gründer og daglig leder, Friskus
