{"id":8900,"date":"2025-10-30T12:47:33","date_gmt":"2025-10-30T11:47:33","guid":{"rendered":"https:\/\/ehin.no\/2025\/?post_type=speaker&#038;p=8900"},"modified":"2025-11-06T15:27:33","modified_gmt":"2025-11-06T14:27:33","slug":"hans-jacob-moe","status":"publish","type":"speaker","link":"https:\/\/ehin.no\/2025\/speakers\/hans-jacob-moe\/","title":{"rendered":"Hans Jacob Moe"},"content":{"rendered":"\n<p>Hans Jacob Moe har bred erfaring fra helseteknologi og brenner for hvordan data og kunstig intelligens kan akselerere innovasjon og utvikling. Med bakgrunn fra blant annet Siemens Healthineers, Cerner og Tietoevry Care, er han opptatt av \u00e5 bygge bro mellom teknologi og helsetjenesten for \u00e5 finne nye l\u00f8sninger p\u00e5 komplekse utfordringer.<\/p>\n","protected":false},"excerpt":{"rendered":"<p>Hans Jacob Moe har bred erfaring fra helseteknologi og brenner for hvordan data og kunstig intelligens kan akselerere innovasjon og utvikling. Med bakgrunn fra blant annet Siemens Healthineers, Cerner og Tietoevry Care, er han opptatt av \u00e5 bygge bro mellom teknologi og helsetjenesten for \u00e5 finne nye l\u00f8sninger p\u00e5 komplekse utfordringer.<\/p>\n","protected":false},"featured_media":8901,"template":"","speakertype":[],"class_list":["post-8900","speaker","type-speaker","status-publish","has-post-thumbnail","hentry"],"acf":[],"yoast_head":"<!-- This site is optimized with the Yoast SEO plugin v26.3 - https:\/\/yoast.com\/wordpress\/plugins\/seo\/ -->\n<title>Hans Jacob Moe - EHIN 2025<\/title>\n<meta name=\"robots\" content=\"index, follow, max-snippet:-1, max-image-preview:large, max-video-preview:-1\" \/>\n<link rel=\"canonical\" href=\"https:\/\/ehin.no\/2025\/speakers\/hans-jacob-moe\/\" \/>\n<meta property=\"og:locale\" content=\"nb_NO\" \/>\n<meta property=\"og:type\" content=\"article\" \/>\n<meta property=\"og:title\" content=\"Hans Jacob Moe - EHIN 2025\" \/>\n<meta property=\"og:description\" content=\"Hans Jacob Moe har bred erfaring fra helseteknologi og brenner for hvordan data og kunstig intelligens kan akselerere innovasjon og utvikling. Med bakgrunn fra blant annet Siemens Healthineers, Cerner og Tietoevry Care, er han opptatt av \u00e5 bygge bro mellom teknologi og helsetjenesten for \u00e5 finne nye l\u00f8sninger p\u00e5 komplekse utfordringer.\" \/>\n<meta property=\"og:url\" content=\"https:\/\/ehin.no\/2025\/speakers\/hans-jacob-moe\/\" \/>\n<meta property=\"og:site_name\" content=\"EHIN 2025\" \/>\n<meta property=\"article:modified_time\" content=\"2025-11-06T14:27:33+00:00\" \/>\n<meta property=\"og:image\" content=\"https:\/\/ehin.no\/2025\/wp-content\/uploads\/sites\/9\/2025\/10\/Hans-Jacob-Moe.jpg\" \/>\n\t<meta property=\"og:image:width\" content=\"2176\" \/>\n\t<meta property=\"og:image:height\" content=\"2176\" \/>\n\t<meta property=\"og:image:type\" content=\"image\/jpeg\" \/>\n<meta name=\"twitter:card\" content=\"summary_large_image\" \/>\n<meta name=\"twitter:label1\" content=\"Ansl. lesetid\" \/>\n\t<meta name=\"twitter:data1\" content=\"1 minutt\" \/>\n<script type=\"application\/ld+json\" class=\"yoast-schema-graph\">{\"@context\":\"https:\/\/schema.org\",\"@graph\":[{\"@type\":\"WebPage\",\"@id\":\"https:\/\/ehin.no\/2025\/speakers\/hans-jacob-moe\/\",\"url\":\"https:\/\/ehin.no\/2025\/speakers\/hans-jacob-moe\/\",\"name\":\"Hans Jacob Moe - EHIN 2025\",\"isPartOf\":{\"@id\":\"https:\/\/ehin.no\/2025\/#website\"},\"primaryImageOfPage\":{\"@id\":\"https:\/\/ehin.no\/2025\/speakers\/hans-jacob-moe\/#primaryimage\"},\"image\":{\"@id\":\"https:\/\/ehin.no\/2025\/speakers\/hans-jacob-moe\/#primaryimage\"},\"thumbnailUrl\":\"https:\/\/ehin.no\/2025\/wp-content\/uploads\/sites\/9\/2025\/10\/Hans-Jacob-Moe.jpg\",\"datePublished\":\"2025-10-30T11:47:33+00:00\",\"dateModified\":\"2025-11-06T14:27:33+00:00\",\"breadcrumb\":{\"@id\":\"https:\/\/ehin.no\/2025\/speakers\/hans-jacob-moe\/#breadcrumb\"},\"inLanguage\":\"nb-NO\",\"potentialAction\":[{\"@type\":\"ReadAction\",\"target\":[\"https:\/\/ehin.no\/2025\/speakers\/hans-jacob-moe\/\"]}]},{\"@type\":\"ImageObject\",\"inLanguage\":\"nb-NO\",\"@id\":\"https:\/\/ehin.no\/2025\/speakers\/hans-jacob-moe\/#primaryimage\",\"url\":\"https:\/\/ehin.no\/2025\/wp-content\/uploads\/sites\/9\/2025\/10\/Hans-Jacob-Moe.jpg\",\"contentUrl\":\"https:\/\/ehin.no\/2025\/wp-content\/uploads\/sites\/9\/2025\/10\/Hans-Jacob-Moe.jpg\",\"width\":2176,\"height\":2176},{\"@type\":\"BreadcrumbList\",\"@id\":\"https:\/\/ehin.no\/2025\/speakers\/hans-jacob-moe\/#breadcrumb\",\"itemListElement\":[{\"@type\":\"ListItem\",\"position\":1,\"name\":\"Hjem\",\"item\":\"https:\/\/ehin.no\/2025\/\"},{\"@type\":\"ListItem\",\"position\":2,\"name\":\"Hans Jacob Moe\"}]},{\"@type\":\"WebSite\",\"@id\":\"https:\/\/ehin.no\/2025\/#website\",\"url\":\"https:\/\/ehin.no\/2025\/\",\"name\":\"EHIN 2025\",\"description\":\"\",\"potentialAction\":[{\"@type\":\"SearchAction\",\"target\":{\"@type\":\"EntryPoint\",\"urlTemplate\":\"https:\/\/ehin.no\/2025\/?s={search_term_string}\"},\"query-input\":{\"@type\":\"PropertyValueSpecification\",\"valueRequired\":true,\"valueName\":\"search_term_string\"}}],\"inLanguage\":\"nb-NO\"}]}<\/script>\n<!-- \/ Yoast SEO plugin. -->","yoast_head_json":{"title":"Hans Jacob Moe - EHIN 2025","robots":{"index":"index","follow":"follow","max-snippet":"max-snippet:-1","max-image-preview":"max-image-preview:large","max-video-preview":"max-video-preview:-1"},"canonical":"https:\/\/ehin.no\/2025\/speakers\/hans-jacob-moe\/","og_locale":"nb_NO","og_type":"article","og_title":"Hans Jacob Moe - EHIN 2025","og_description":"Hans Jacob Moe har bred erfaring fra helseteknologi og brenner for hvordan data og kunstig intelligens kan akselerere innovasjon og utvikling. Med bakgrunn fra blant annet Siemens Healthineers, Cerner og Tietoevry Care, er han opptatt av \u00e5 bygge bro mellom teknologi og helsetjenesten for \u00e5 finne nye l\u00f8sninger p\u00e5 komplekse utfordringer.","og_url":"https:\/\/ehin.no\/2025\/speakers\/hans-jacob-moe\/","og_site_name":"EHIN 2025","article_modified_time":"2025-11-06T14:27:33+00:00","og_image":[{"width":2176,"height":2176,"url":"https:\/\/ehin.no\/2025\/wp-content\/uploads\/sites\/9\/2025\/10\/Hans-Jacob-Moe.jpg","type":"image\/jpeg"}],"twitter_card":"summary_large_image","twitter_misc":{"Ansl. lesetid":"1 minutt"},"schema":{"@context":"https:\/\/schema.org","@graph":[{"@type":"WebPage","@id":"https:\/\/ehin.no\/2025\/speakers\/hans-jacob-moe\/","url":"https:\/\/ehin.no\/2025\/speakers\/hans-jacob-moe\/","name":"Hans Jacob Moe - EHIN 2025","isPartOf":{"@id":"https:\/\/ehin.no\/2025\/#website"},"primaryImageOfPage":{"@id":"https:\/\/ehin.no\/2025\/speakers\/hans-jacob-moe\/#primaryimage"},"image":{"@id":"https:\/\/ehin.no\/2025\/speakers\/hans-jacob-moe\/#primaryimage"},"thumbnailUrl":"https:\/\/ehin.no\/2025\/wp-content\/uploads\/sites\/9\/2025\/10\/Hans-Jacob-Moe.jpg","datePublished":"2025-10-30T11:47:33+00:00","dateModified":"2025-11-06T14:27:33+00:00","breadcrumb":{"@id":"https:\/\/ehin.no\/2025\/speakers\/hans-jacob-moe\/#breadcrumb"},"inLanguage":"nb-NO","potentialAction":[{"@type":"ReadAction","target":["https:\/\/ehin.no\/2025\/speakers\/hans-jacob-moe\/"]}]},{"@type":"ImageObject","inLanguage":"nb-NO","@id":"https:\/\/ehin.no\/2025\/speakers\/hans-jacob-moe\/#primaryimage","url":"https:\/\/ehin.no\/2025\/wp-content\/uploads\/sites\/9\/2025\/10\/Hans-Jacob-Moe.jpg","contentUrl":"https:\/\/ehin.no\/2025\/wp-content\/uploads\/sites\/9\/2025\/10\/Hans-Jacob-Moe.jpg","width":2176,"height":2176},{"@type":"BreadcrumbList","@id":"https:\/\/ehin.no\/2025\/speakers\/hans-jacob-moe\/#breadcrumb","itemListElement":[{"@type":"ListItem","position":1,"name":"Hjem","item":"https:\/\/ehin.no\/2025\/"},{"@type":"ListItem","position":2,"name":"Hans Jacob Moe"}]},{"@type":"WebSite","@id":"https:\/\/ehin.no\/2025\/#website","url":"https:\/\/ehin.no\/2025\/","name":"EHIN 2025","description":"","potentialAction":[{"@type":"SearchAction","target":{"@type":"EntryPoint","urlTemplate":"https:\/\/ehin.no\/2025\/?s={search_term_string}"},"query-input":{"@type":"PropertyValueSpecification","valueRequired":true,"valueName":"search_term_string"}}],"inLanguage":"nb-NO"}]}},"speaker_title":"Seniorr\u00e5dgiver innen helseteknologi og kunstig intelligens","_links":{"self":[{"href":"https:\/\/ehin.no\/2025\/wp-json\/wp\/v2\/speaker\/8900","targetHints":{"allow":["GET","POST","PUT","PATCH","DELETE"]}}],"collection":[{"href":"https:\/\/ehin.no\/2025\/wp-json\/wp\/v2\/speaker"}],"about":[{"href":"https:\/\/ehin.no\/2025\/wp-json\/wp\/v2\/types\/speaker"}],"wp:featuredmedia":[{"embeddable":true,"href":"https:\/\/ehin.no\/2025\/wp-json\/wp\/v2\/media\/8901"}],"wp:attachment":[{"href":"https:\/\/ehin.no\/2025\/wp-json\/wp\/v2\/media?parent=8900"}],"wp:term":[{"taxonomy":"speakertype","embeddable":true,"href":"https:\/\/ehin.no\/2025\/wp-json\/wp\/v2\/speakertype?post=8900"}],"curies":[{"name":"wp","href":"https:\/\/api.w.org\/{rel}","templated":true}]}}

<p>Hans Jacob Moe har bred erfaring fra helseteknologi og brenner for hvordan data og kunstig intelligens kan akselerere innovasjon og utvikling. Med bakgrunn fra blant annet Siemens Healthineers, Cerner og Tietoevry Care, er han opptatt av å bygge bro mellom teknologi og helsetjenesten for å finne nye løsninger på komplekse utfordringer.</p>

<!-- This site is optimized with the Yoast SEO plugin v26.3 - https://yoast.com/wordpress/plugins/seo/ -->
<title>Hans Jacob Moe - EHIN 2025</title>
<meta name="robots" content="index, follow, max-snippet:-1, max-image-preview:large, max-video-preview:-1" />
<link rel="canonical" href="https://ehin.no/2025/speakers/hans-jacob-moe/" />
<meta property="og:locale" content="nb_NO" />
<meta property="og:type" content="article" />
<meta property="og:title" content="Hans Jacob Moe - EHIN 2025" />
<meta property="og:description" content="Hans Jacob Moe har bred erfaring fra helseteknologi og brenner for hvordan data og kunstig intelligens kan akselerere innovasjon og utvikling. Med bakgrunn fra blant annet Siemens Healthineers, Cerner og Tietoevry Care, er han opptatt av å bygge bro mellom teknologi og helsetjenesten for å finne nye løsninger på komplekse utfordringer." />
<meta property="og:url" content="https://ehin.no/2025/speakers/hans-jacob-moe/" />
<meta property="og:site_name" content="EHIN 2025" />
<meta property="article:modified_time" content="2025-11-06T14:27:33+00:00" />
<meta property="og:image" content="https://ehin.no/2025/wp-content/uploads/sites/9/2025/10/Hans-Jacob-Moe.jpg" />
	<meta property="og:image:width" content="2176" />
	<meta property="og:image:height" content="2176" />
	<meta property="og:image:type" content="image/jpeg" />
<meta name="twitter:card" content="summary_large_image" />
<meta name="twitter:label1" content="Ansl. lesetid" />
	<meta name="twitter:data1" content="1 minutt" />
<script type="application/ld+json" class="yoast-schema-graph">{"@context":"https://schema.org","@graph":[{"@type":"WebPage","@id":"https://ehin.no/2025/speakers/hans-jacob-moe/","url":"https://ehin.no/2025/speakers/hans-jacob-moe/","name":"Hans Jacob Moe - EHIN 2025","isPartOf":{"@id":"https://ehin.no/2025/#website"},"primaryImageOfPage":{"@id":"https://ehin.no/2025/speakers/hans-jacob-moe/#primaryimage"},"image":{"@id":"https://ehin.no/2025/speakers/hans-jacob-moe/#primaryimage"},"thumbnailUrl":"https://ehin.no/2025/wp-content/uploads/sites/9/2025/10/Hans-Jacob-Moe.jpg","datePublished":"2025-10-30T11:47:33+00:00","dateModified":"2025-11-06T14:27:33+00:00","breadcrumb":{"@id":"https://ehin.no/2025/speakers/hans-jacob-moe/#breadcrumb"},"inLanguage":"nb-NO","potentialAction":[{"@type":"ReadAction","target":["https://ehin.no/2025/speakers/hans-jacob-moe/"]}]},{"@type":"ImageObject","inLanguage":"nb-NO","@id":"https://ehin.no/2025/speakers/hans-jacob-moe/#primaryimage","url":"https://ehin.no/2025/wp-content/uploads/sites/9/2025/10/Hans-Jacob-Moe.jpg","contentUrl":"https://ehin.no/2025/wp-content/uploads/sites/9/2025/10/Hans-Jacob-Moe.jpg","width":2176,"height":2176},{"@type":"BreadcrumbList","@id":"https://ehin.no/2025/speakers/hans-jacob-moe/#breadcrumb","itemListElement":[{"@type":"ListItem","position":1,"name":"Hjem","item":"https://ehin.no/2025/"},{"@type":"ListItem","position":2,"name":"Hans Jacob Moe"}]},{"@type":"WebSite","@id":"https://ehin.no/2025/#website","url":"https://ehin.no/2025/","name":"EHIN 2025","description":"","potentialAction":[{"@type":"SearchAction","target":{"@type":"EntryPoint","urlTemplate":"https://ehin.no/2025/?s={search_term_string}"},"query-input":{"@type":"PropertyValueSpecification","valueRequired":true,"valueName":"search_term_string"}}],"inLanguage":"nb-NO"}]}</script>
<!-- / Yoast SEO plugin. -->

Hans Jacob Moe har bred erfaring fra helseteknologi og brenner for hvordan data og kunstig intelligens kan akselerere innovasjon og utvikling. Med bakgrunn fra blant annet Siemens Healthineers, Cerner og Tietoevry Care, er han opptatt av å bygge bro mellom teknologi og helsetjenesten for å finne nye løsninger på komplekse utfordringer.

Seniorrådgiver innen helseteknologi og kunstig intelligens
