{"id":9056,"date":"2025-11-03T09:22:19","date_gmt":"2025-11-03T08:22:19","guid":{"rendered":"https:\/\/ehin.no\/2025\/?post_type=speaker&#038;p=9056"},"modified":"2025-11-10T16:57:21","modified_gmt":"2025-11-10T15:57:21","slug":"kari-bansal","status":"publish","type":"speaker","link":"https:\/\/ehin.no\/2025\/speakers\/kari-bansal\/","title":{"rendered":"Kari Bansal"},"content":{"rendered":"\n<p>Kari Bansal, Assisterende kommunaldirekt\u00f8r Ullensaker kommune. Kari er utdannet sosionom og gjennomf\u00f8rt Master of Management fra BI innen digitalisering og innovasjon. Hun har lang ledererfaring fra omstillingsprosesser, blant annet fra Nav. De siste fem \u00e5rene har hun jobbet i Sykehjemsetaten i Oslo kommune med digitalisering og har bygget opp et fagmilj\u00f8 som st\u00f8tter opp under digitaliseringsprosesser i sykehjemmene i Oslo kommune.<\/p>\n","protected":false},"excerpt":{"rendered":"<p>Kari Bansal, Assisterende kommunaldirekt\u00f8r Ullensaker kommune. Kari er utdannet sosionom og gjennomf\u00f8rt Master of Management fra BI innen digitalisering og innovasjon. Hun har lang ledererfaring fra omstillingsprosesser, blant annet fra Nav. De siste fem \u00e5rene har hun jobbet i Sykehjemsetaten i Oslo kommune med digitalisering og har bygget opp et fagmilj\u00f8 som st\u00f8tter opp under [&hellip;]<\/p>\n","protected":false},"featured_media":9495,"template":"","speakertype":[],"class_list":["post-9056","speaker","type-speaker","status-publish","has-post-thumbnail","hentry"],"acf":[],"yoast_head":"<!-- This site is optimized with the Yoast SEO plugin v26.3 - https:\/\/yoast.com\/wordpress\/plugins\/seo\/ -->\n<title>Kari Bansal - EHIN 2025<\/title>\n<meta name=\"robots\" content=\"index, follow, max-snippet:-1, max-image-preview:large, max-video-preview:-1\" \/>\n<link rel=\"canonical\" href=\"https:\/\/ehin.no\/2025\/speakers\/kari-bansal\/\" \/>\n<meta property=\"og:locale\" content=\"nb_NO\" \/>\n<meta property=\"og:type\" content=\"article\" \/>\n<meta property=\"og:title\" content=\"Kari Bansal - EHIN 2025\" \/>\n<meta property=\"og:description\" content=\"Kari Bansal, Assisterende kommunaldirekt\u00f8r Ullensaker kommune. Kari er utdannet sosionom og gjennomf\u00f8rt Master of Management fra BI innen digitalisering og innovasjon. Hun har lang ledererfaring fra omstillingsprosesser, blant annet fra Nav. De siste fem \u00e5rene har hun jobbet i Sykehjemsetaten i Oslo kommune med digitalisering og har bygget opp et fagmilj\u00f8 som st\u00f8tter opp under [&hellip;]\" \/>\n<meta property=\"og:url\" content=\"https:\/\/ehin.no\/2025\/speakers\/kari-bansal\/\" \/>\n<meta property=\"og:site_name\" content=\"EHIN 2025\" \/>\n<meta property=\"article:modified_time\" content=\"2025-11-10T15:57:21+00:00\" \/>\n<meta property=\"og:image\" content=\"https:\/\/ehin.no\/2025\/wp-content\/uploads\/sites\/9\/2025\/11\/Kari-Bansal-e1762790228936.jpg\" \/>\n\t<meta property=\"og:image:width\" content=\"517\" \/>\n\t<meta property=\"og:image:height\" content=\"517\" \/>\n\t<meta property=\"og:image:type\" content=\"image\/jpeg\" \/>\n<meta name=\"twitter:card\" content=\"summary_large_image\" \/>\n<meta name=\"twitter:label1\" content=\"Ansl. lesetid\" \/>\n\t<meta name=\"twitter:data1\" content=\"1 minutt\" \/>\n<script type=\"application\/ld+json\" class=\"yoast-schema-graph\">{\"@context\":\"https:\/\/schema.org\",\"@graph\":[{\"@type\":\"WebPage\",\"@id\":\"https:\/\/ehin.no\/2025\/speakers\/kari-bansal\/\",\"url\":\"https:\/\/ehin.no\/2025\/speakers\/kari-bansal\/\",\"name\":\"Kari Bansal - EHIN 2025\",\"isPartOf\":{\"@id\":\"https:\/\/ehin.no\/2025\/#website\"},\"primaryImageOfPage\":{\"@id\":\"https:\/\/ehin.no\/2025\/speakers\/kari-bansal\/#primaryimage\"},\"image\":{\"@id\":\"https:\/\/ehin.no\/2025\/speakers\/kari-bansal\/#primaryimage\"},\"thumbnailUrl\":\"https:\/\/ehin.no\/2025\/wp-content\/uploads\/sites\/9\/2025\/11\/Kari-Bansal-e1762790228936.jpg\",\"datePublished\":\"2025-11-03T08:22:19+00:00\",\"dateModified\":\"2025-11-10T15:57:21+00:00\",\"breadcrumb\":{\"@id\":\"https:\/\/ehin.no\/2025\/speakers\/kari-bansal\/#breadcrumb\"},\"inLanguage\":\"nb-NO\",\"potentialAction\":[{\"@type\":\"ReadAction\",\"target\":[\"https:\/\/ehin.no\/2025\/speakers\/kari-bansal\/\"]}]},{\"@type\":\"ImageObject\",\"inLanguage\":\"nb-NO\",\"@id\":\"https:\/\/ehin.no\/2025\/speakers\/kari-bansal\/#primaryimage\",\"url\":\"https:\/\/ehin.no\/2025\/wp-content\/uploads\/sites\/9\/2025\/11\/Kari-Bansal-e1762790228936.jpg\",\"contentUrl\":\"https:\/\/ehin.no\/2025\/wp-content\/uploads\/sites\/9\/2025\/11\/Kari-Bansal-e1762790228936.jpg\",\"width\":517,\"height\":517},{\"@type\":\"BreadcrumbList\",\"@id\":\"https:\/\/ehin.no\/2025\/speakers\/kari-bansal\/#breadcrumb\",\"itemListElement\":[{\"@type\":\"ListItem\",\"position\":1,\"name\":\"Hjem\",\"item\":\"https:\/\/ehin.no\/2025\/\"},{\"@type\":\"ListItem\",\"position\":2,\"name\":\"Kari Bansal\"}]},{\"@type\":\"WebSite\",\"@id\":\"https:\/\/ehin.no\/2025\/#website\",\"url\":\"https:\/\/ehin.no\/2025\/\",\"name\":\"EHIN 2025\",\"description\":\"\",\"potentialAction\":[{\"@type\":\"SearchAction\",\"target\":{\"@type\":\"EntryPoint\",\"urlTemplate\":\"https:\/\/ehin.no\/2025\/?s={search_term_string}\"},\"query-input\":{\"@type\":\"PropertyValueSpecification\",\"valueRequired\":true,\"valueName\":\"search_term_string\"}}],\"inLanguage\":\"nb-NO\"}]}<\/script>\n<!-- \/ Yoast SEO plugin. -->","yoast_head_json":{"title":"Kari Bansal - EHIN 2025","robots":{"index":"index","follow":"follow","max-snippet":"max-snippet:-1","max-image-preview":"max-image-preview:large","max-video-preview":"max-video-preview:-1"},"canonical":"https:\/\/ehin.no\/2025\/speakers\/kari-bansal\/","og_locale":"nb_NO","og_type":"article","og_title":"Kari Bansal - EHIN 2025","og_description":"Kari Bansal, Assisterende kommunaldirekt\u00f8r Ullensaker kommune. Kari er utdannet sosionom og gjennomf\u00f8rt Master of Management fra BI innen digitalisering og innovasjon. Hun har lang ledererfaring fra omstillingsprosesser, blant annet fra Nav. De siste fem \u00e5rene har hun jobbet i Sykehjemsetaten i Oslo kommune med digitalisering og har bygget opp et fagmilj\u00f8 som st\u00f8tter opp under [&hellip;]","og_url":"https:\/\/ehin.no\/2025\/speakers\/kari-bansal\/","og_site_name":"EHIN 2025","article_modified_time":"2025-11-10T15:57:21+00:00","og_image":[{"width":517,"height":517,"url":"https:\/\/ehin.no\/2025\/wp-content\/uploads\/sites\/9\/2025\/11\/Kari-Bansal-e1762790228936.jpg","type":"image\/jpeg"}],"twitter_card":"summary_large_image","twitter_misc":{"Ansl. lesetid":"1 minutt"},"schema":{"@context":"https:\/\/schema.org","@graph":[{"@type":"WebPage","@id":"https:\/\/ehin.no\/2025\/speakers\/kari-bansal\/","url":"https:\/\/ehin.no\/2025\/speakers\/kari-bansal\/","name":"Kari Bansal - EHIN 2025","isPartOf":{"@id":"https:\/\/ehin.no\/2025\/#website"},"primaryImageOfPage":{"@id":"https:\/\/ehin.no\/2025\/speakers\/kari-bansal\/#primaryimage"},"image":{"@id":"https:\/\/ehin.no\/2025\/speakers\/kari-bansal\/#primaryimage"},"thumbnailUrl":"https:\/\/ehin.no\/2025\/wp-content\/uploads\/sites\/9\/2025\/11\/Kari-Bansal-e1762790228936.jpg","datePublished":"2025-11-03T08:22:19+00:00","dateModified":"2025-11-10T15:57:21+00:00","breadcrumb":{"@id":"https:\/\/ehin.no\/2025\/speakers\/kari-bansal\/#breadcrumb"},"inLanguage":"nb-NO","potentialAction":[{"@type":"ReadAction","target":["https:\/\/ehin.no\/2025\/speakers\/kari-bansal\/"]}]},{"@type":"ImageObject","inLanguage":"nb-NO","@id":"https:\/\/ehin.no\/2025\/speakers\/kari-bansal\/#primaryimage","url":"https:\/\/ehin.no\/2025\/wp-content\/uploads\/sites\/9\/2025\/11\/Kari-Bansal-e1762790228936.jpg","contentUrl":"https:\/\/ehin.no\/2025\/wp-content\/uploads\/sites\/9\/2025\/11\/Kari-Bansal-e1762790228936.jpg","width":517,"height":517},{"@type":"BreadcrumbList","@id":"https:\/\/ehin.no\/2025\/speakers\/kari-bansal\/#breadcrumb","itemListElement":[{"@type":"ListItem","position":1,"name":"Hjem","item":"https:\/\/ehin.no\/2025\/"},{"@type":"ListItem","position":2,"name":"Kari Bansal"}]},{"@type":"WebSite","@id":"https:\/\/ehin.no\/2025\/#website","url":"https:\/\/ehin.no\/2025\/","name":"EHIN 2025","description":"","potentialAction":[{"@type":"SearchAction","target":{"@type":"EntryPoint","urlTemplate":"https:\/\/ehin.no\/2025\/?s={search_term_string}"},"query-input":{"@type":"PropertyValueSpecification","valueRequired":true,"valueName":"search_term_string"}}],"inLanguage":"nb-NO"}]}},"speaker_title":"Assisterende kommunaldirekt\u00f8r, Ullensaker kommune","_links":{"self":[{"href":"https:\/\/ehin.no\/2025\/wp-json\/wp\/v2\/speaker\/9056","targetHints":{"allow":["GET","POST","PUT","PATCH","DELETE"]}}],"collection":[{"href":"https:\/\/ehin.no\/2025\/wp-json\/wp\/v2\/speaker"}],"about":[{"href":"https:\/\/ehin.no\/2025\/wp-json\/wp\/v2\/types\/speaker"}],"wp:featuredmedia":[{"embeddable":true,"href":"https:\/\/ehin.no\/2025\/wp-json\/wp\/v2\/media\/9495"}],"wp:attachment":[{"href":"https:\/\/ehin.no\/2025\/wp-json\/wp\/v2\/media?parent=9056"}],"wp:term":[{"taxonomy":"speakertype","embeddable":true,"href":"https:\/\/ehin.no\/2025\/wp-json\/wp\/v2\/speakertype?post=9056"}],"curies":[{"name":"wp","href":"https:\/\/api.w.org\/{rel}","templated":true}]}}

<p>Kari Bansal, Assisterende kommunaldirektør Ullensaker kommune. Kari er utdannet sosionom og gjennomført Master of Management fra BI innen digitalisering og innovasjon. Hun har lang ledererfaring fra omstillingsprosesser, blant annet fra Nav. De siste fem årene har hun jobbet i Sykehjemsetaten i Oslo kommune med digitalisering og har bygget opp et fagmiljø som støtter opp under digitaliseringsprosesser i sykehjemmene i Oslo kommune.</p>

<p>Kari Bansal, Assisterende kommunaldirektør Ullensaker kommune. Kari er utdannet sosionom og gjennomført Master of Management fra BI innen digitalisering og innovasjon. Hun har lang ledererfaring fra omstillingsprosesser, blant annet fra Nav. De siste fem årene har hun jobbet i Sykehjemsetaten i Oslo kommune med digitalisering og har bygget opp et fagmiljø som støtter opp under [&hellip;]</p>

<!-- This site is optimized with the Yoast SEO plugin v26.3 - https://yoast.com/wordpress/plugins/seo/ -->
<title>Kari Bansal - EHIN 2025</title>
<meta name="robots" content="index, follow, max-snippet:-1, max-image-preview:large, max-video-preview:-1" />
<link rel="canonical" href="https://ehin.no/2025/speakers/kari-bansal/" />
<meta property="og:locale" content="nb_NO" />
<meta property="og:type" content="article" />
<meta property="og:title" content="Kari Bansal - EHIN 2025" />
<meta property="og:description" content="Kari Bansal, Assisterende kommunaldirektør Ullensaker kommune. Kari er utdannet sosionom og gjennomført Master of Management fra BI innen digitalisering og innovasjon. Hun har lang ledererfaring fra omstillingsprosesser, blant annet fra Nav. De siste fem årene har hun jobbet i Sykehjemsetaten i Oslo kommune med digitalisering og har bygget opp et fagmiljø som støtter opp under [&hellip;]" />
<meta property="og:url" content="https://ehin.no/2025/speakers/kari-bansal/" />
<meta property="og:site_name" content="EHIN 2025" />
<meta property="article:modified_time" content="2025-11-10T15:57:21+00:00" />
<meta property="og:image" content="https://ehin.no/2025/wp-content/uploads/sites/9/2025/11/Kari-Bansal-e1762790228936.jpg" />
	<meta property="og:image:width" content="517" />
	<meta property="og:image:height" content="517" />
	<meta property="og:image:type" content="image/jpeg" />
<meta name="twitter:card" content="summary_large_image" />
<meta name="twitter:label1" content="Ansl. lesetid" />
	<meta name="twitter:data1" content="1 minutt" />
<script type="application/ld+json" class="yoast-schema-graph">{"@context":"https://schema.org","@graph":[{"@type":"WebPage","@id":"https://ehin.no/2025/speakers/kari-bansal/","url":"https://ehin.no/2025/speakers/kari-bansal/","name":"Kari Bansal - EHIN 2025","isPartOf":{"@id":"https://ehin.no/2025/#website"},"primaryImageOfPage":{"@id":"https://ehin.no/2025/speakers/kari-bansal/#primaryimage"},"image":{"@id":"https://ehin.no/2025/speakers/kari-bansal/#primaryimage"},"thumbnailUrl":"https://ehin.no/2025/wp-content/uploads/sites/9/2025/11/Kari-Bansal-e1762790228936.jpg","datePublished":"2025-11-03T08:22:19+00:00","dateModified":"2025-11-10T15:57:21+00:00","breadcrumb":{"@id":"https://ehin.no/2025/speakers/kari-bansal/#breadcrumb"},"inLanguage":"nb-NO","potentialAction":[{"@type":"ReadAction","target":["https://ehin.no/2025/speakers/kari-bansal/"]}]},{"@type":"ImageObject","inLanguage":"nb-NO","@id":"https://ehin.no/2025/speakers/kari-bansal/#primaryimage","url":"https://ehin.no/2025/wp-content/uploads/sites/9/2025/11/Kari-Bansal-e1762790228936.jpg","contentUrl":"https://ehin.no/2025/wp-content/uploads/sites/9/2025/11/Kari-Bansal-e1762790228936.jpg","width":517,"height":517},{"@type":"BreadcrumbList","@id":"https://ehin.no/2025/speakers/kari-bansal/#breadcrumb","itemListElement":[{"@type":"ListItem","position":1,"name":"Hjem","item":"https://ehin.no/2025/"},{"@type":"ListItem","position":2,"name":"Kari Bansal"}]},{"@type":"WebSite","@id":"https://ehin.no/2025/#website","url":"https://ehin.no/2025/","name":"EHIN 2025","description":"","potentialAction":[{"@type":"SearchAction","target":{"@type":"EntryPoint","urlTemplate":"https://ehin.no/2025/?s={search_term_string}"},"query-input":{"@type":"PropertyValueSpecification","valueRequired":true,"valueName":"search_term_string"}}],"inLanguage":"nb-NO"}]}</script>
<!-- / Yoast SEO plugin. -->

Kari Bansal, Assisterende kommunaldirektør Ullensaker kommune. Kari er utdannet sosionom og gjennomført Master of Management fra BI innen digitalisering og innovasjon. Hun har lang ledererfaring fra omstillingsprosesser, blant annet fra Nav. De siste fem årene har hun jobbet i Sykehjemsetaten i Oslo kommune med digitalisering og har bygget opp et fagmiljø som støtter opp under [&hellip;]

Assisterende kommunaldirektør, Ullensaker kommune
